Last updated on 2025-05-26 00:48:39 CEST.
Flavor | Version | Tinstall | Tcheck | Ttotal | Status | Flags |
---|---|---|---|---|---|---|
r-devel-linux-x86_64-debian-clang | 2.1.7 | 41.30 | 417.15 | 458.45 | OK | |
r-devel-linux-x86_64-debian-gcc | 2.1.7 | 31.80 | 285.91 | 317.71 | OK | |
r-devel-linux-x86_64-fedora-clang | 2.1.7 | 616.42 | ERROR | |||
r-devel-linux-x86_64-fedora-gcc | 2.1.7 | 557.88 | ERROR | |||
r-devel-windows-x86_64 | 2.1.7 | 40.00 | 380.00 | 420.00 | OK | |
r-patched-linux-x86_64 | 2.1.7 | 40.86 | 398.95 | 439.81 | OK | |
r-release-linux-x86_64 | 2.1.7 | 45.80 | 393.34 | 439.14 | OK | |
r-release-macos-arm64 | 2.1.7 | 198.00 | OK | |||
r-release-macos-x86_64 | 2.1.7 | 440.00 | OK | |||
r-release-windows-x86_64 | 2.1.7 | 42.00 | 369.00 | 411.00 | OK | |
r-oldrel-macos-arm64 | 2.1.7 | 182.00 | OK | |||
r-oldrel-macos-x86_64 | 2.1.7 | 447.00 | NOTE | |||
r-oldrel-windows-x86_64 | 2.1.7 | 62.00 | 497.00 | 559.00 | OK |
Version: 2.1.7
Check: re-building of vignette outputs
Result: ERROR
Error(s) in re-building vignettes:
--- re-building ‘bison_example.Rmd’ using rmarkdown
OMP: Warning #96: Cannot form a team with 24 threads, using 2 instead.
OMP: Hint Consider unsetting KMP_DEVICE_THREAD_LIMIT (KMP_ALL_THREADS), KMP_TEAMS_THREAD_LIMIT, and OMP_THREAD_LIMIT (if any are set).
Flavor: r-devel-linux-x86_64-fedora-clang
Version: 2.1.7
Check: re-building of vignette outputs
Result: ERROR
Error(s) in re-building vignettes:
--- re-building ‘bison_example.Rmd’ using rmarkdown
Flavor: r-devel-linux-x86_64-fedora-gcc
Version: 2.1.7
Check: installed package size
Result: NOTE
installed size is 5.2Mb
sub-directories of 1Mb or more:
data 4.5Mb
Flavor: r-oldrel-macos-x86_64