CRAN Package Check Results for Package palasso

Last updated on 2025-07-16 07:49:14 CEST.

Flavor Version Tinstall Tcheck Ttotal Status Flags
r-devel-linux-x86_64-debian-clang 1.0.0 7.32 64.68 72.00 OK
r-devel-linux-x86_64-debian-gcc 1.0.0 4.30 47.23 51.53 OK
r-devel-linux-x86_64-fedora-clang 1.0.0 117.29 OK
r-devel-linux-x86_64-fedora-gcc 1.0.0 134.59 OK
r-devel-windows-x86_64 1.0.0 8.00 80.00 88.00 OK
r-patched-linux-x86_64 1.0.0 7.30 60.13 67.43 OK
r-release-linux-x86_64 1.0.0 6.76 59.53 66.29 OK
r-release-macos-arm64 1.0.0 54.00 OK
r-release-macos-x86_64 1.0.0 90.00 OK
r-release-windows-x86_64 1.0.0 8.00 77.00 85.00 OK
r-oldrel-macos-arm64 1.0.0 60.00 NOTE
r-oldrel-macos-x86_64 1.0.0 99.00 NOTE
r-oldrel-windows-x86_64 1.0.0 9.00 94.00 103.00 NOTE

Check Details

Version: 1.0.0
Check: package dependencies
Result: NOTE Package suggested but not available for checking: ‘CorShrink’ Flavors: r-oldrel-macos-arm64, r-oldrel-macos-x86_64, r-oldrel-windows-x86_64

mirror server hosted at Truenetwork, Russian Federation.