Last updated on 2025-02-21 17:50:50 CET.
Flavor | Version | Tinstall | Tcheck | Ttotal | Status | Flags |
---|---|---|---|---|---|---|
r-devel-linux-x86_64-debian-clang | 0.1.44 | 13.43 | 253.55 | 266.98 | OK | |
r-devel-linux-x86_64-debian-gcc | 0.1.44 | 8.81 | 171.82 | 180.63 | OK | |
r-devel-linux-x86_64-fedora-clang | 0.1.44 | 396.07 | OK | |||
r-devel-linux-x86_64-fedora-gcc | 0.1.44 | 409.75 | OK | |||
r-devel-macos-arm64 | 0.1.44 | 120.00 | OK | |||
r-devel-macos-x86_64 | 0.1.44 | 216.00 | OK | |||
r-devel-windows-x86_64 | 0.1.44 | 15.00 | 230.00 | 245.00 | OK | |
r-patched-linux-x86_64 | 0.1.44 | 14.11 | 237.66 | 251.77 | OK | |
r-release-linux-x86_64 | 0.1.44 | 11.77 | 234.95 | 246.72 | OK | |
r-release-macos-arm64 | 0.1.44 | 109.00 | NOTE | |||
r-release-macos-x86_64 | 0.1.44 | 213.00 | NOTE | |||
r-release-windows-x86_64 | 0.1.44 | 16.00 | 226.00 | 242.00 | NOTE | |
r-oldrel-macos-arm64 | 0.1.44 | 106.00 | NOTE | |||
r-oldrel-macos-x86_64 | 0.1.44 | 168.00 | NOTE | |||
r-oldrel-windows-x86_64 | 0.1.44 | 22.00 | 292.00 | 314.00 | NOTE |
Version: 0.1.44
Check: installed package size
Result: NOTE
installed size is 7.1Mb
sub-directories of 1Mb or more:
doc 1.9Mb
extdata 4.8Mb
Flavors: r-release-macos-arm64, r-release-macos-x86_64, r-release-windows-x86_64, r-oldrel-macos-arm64, r-oldrel-macos-x86_64, r-oldrel-windows-x86_64