Last updated on 2025-11-04 05:51:19 CET.
| Flavor | Version | Tinstall | Tcheck | Ttotal | Status | Flags | 
|---|---|---|---|---|---|---|
| r-devel-linux-x86_64-debian-clang | 0.1.3 | 4.65 | 43.53 | 48.18 | NOTE | |
| r-devel-linux-x86_64-debian-gcc | 0.1.3 | 4.01 | 32.25 | 36.26 | NOTE | |
| r-devel-linux-x86_64-fedora-clang | 0.1.3 | 12.00 | 59.83 | 71.83 | NOTE | |
| r-devel-linux-x86_64-fedora-gcc | 0.1.3 | 11.00 | 57.90 | 68.90 | NOTE | |
| r-devel-windows-x86_64 | 0.1.3 | 8.00 | 64.00 | 72.00 | NOTE | |
| r-patched-linux-x86_64 | 0.1.3 | 5.87 | 40.09 | 45.96 | NOTE | |
| r-release-linux-x86_64 | 0.1.3 | 4.25 | 40.46 | 44.71 | NOTE | |
| r-release-macos-arm64 | 0.1.3 | 2.00 | 22.00 | 24.00 | NOTE | |
| r-release-macos-x86_64 | 0.1.3 | 6.00 | 39.00 | 45.00 | NOTE | |
| r-release-windows-x86_64 | 0.1.3 | 9.00 | 63.00 | 72.00 | NOTE | |
| r-oldrel-macos-arm64 | 0.1.3 | 2.00 | 24.00 | 26.00 | NOTE | |
| r-oldrel-macos-x86_64 | 0.1.3 | 4.00 | 31.00 | 35.00 | NOTE | |
| r-oldrel-windows-x86_64 | 0.1.3 | 10.00 | 77.00 | 87.00 | NOTE | 
Version: 0.1.3
Check: package subdirectories
Result: NOTE
  Problems with news in ‘NEWS.md’:
    Cannot extract version info from the following section titles:
      Changes
Flavors: r-devel-linux-x86_64-debian-clang, r-devel-linux-x86_64-debian-gcc, r-devel-linux-x86_64-fedora-clang, r-devel-linux-x86_64-fedora-gcc, r-devel-windows-x86_64, r-patched-linux-x86_64, r-release-linux-x86_64, r-release-macos-arm64, r-release-macos-x86_64, r-release-windows-x86_64, r-oldrel-macos-arm64, r-oldrel-macos-x86_64, r-oldrel-windows-x86_64