Last updated on 2025-11-04 11:52:37 CET.
| Flavor | Version | Tinstall | Tcheck | Ttotal | Status | Flags | 
|---|---|---|---|---|---|---|
| r-devel-linux-x86_64-debian-clang | 0.9.0 | 15.94 | 124.24 | 140.18 | NOTE | |
| r-devel-linux-x86_64-debian-gcc | 0.9.0 | 9.99 | 85.85 | 95.84 | NOTE | |
| r-devel-linux-x86_64-fedora-clang | 0.9.0 | 37.00 | 183.69 | 220.69 | OK | |
| r-devel-linux-x86_64-fedora-gcc | 0.9.0 | 33.00 | 174.38 | 207.38 | OK | |
| r-devel-windows-x86_64 | 0.9.0 | 19.00 | 134.00 | 153.00 | OK | |
| r-patched-linux-x86_64 | 0.9.0 | 15.91 | 115.53 | 131.44 | OK | |
| r-release-linux-x86_64 | 0.9.0 | 15.02 | 116.49 | 131.51 | OK | |
| r-release-macos-arm64 | 0.9.0 | 11.00 | 70.00 | 81.00 | OK | |
| r-release-macos-x86_64 | 0.9.0 | 16.00 | 97.00 | 113.00 | OK | |
| r-release-windows-x86_64 | 0.9.0 | 19.00 | 131.00 | 150.00 | OK | |
| r-oldrel-macos-arm64 | 0.9.0 | 8.00 | 49.00 | 57.00 | OK | |
| r-oldrel-macos-x86_64 | 0.9.0 | 12.00 | 76.00 | 88.00 | OK | |
| r-oldrel-windows-x86_64 | 0.9.0 | 28.00 | 168.00 | 196.00 | OK | 
Version: 0.9.0
Check: CRAN incoming feasibility
Result: NOTE
  Maintainer: ‘Marion Brandolini-Bunlon <marion.brandolini-bunlon@inra.fr>’
  
  No Authors@R field in DESCRIPTION.
  Please add one, modifying
    Authors@R: c(person(given = "Marion",
                        family = "Brandolini-Bunlon",
                        role = c("aut", "cre"),
                        email = "marion.brandolini-bunlon@inra.fr"),
                 person(given = "Stephanie",
                        family = "Bougeard",
                        role = "aut"),
                 person(given = "Melanie",
                        family = "Petera",
                        role = "aut"),
                 person(given = "Estelle",
                        family = "Pujos-Guillot",
                        role = "aut"))
  as necessary.
Flavors: r-devel-linux-x86_64-debian-clang, r-devel-linux-x86_64-debian-gcc