Last updated on 2025-11-03 23:50:27 CET.
| Flavor | Version | Tinstall | Tcheck | Ttotal | Status | Flags | 
|---|---|---|---|---|---|---|
| r-devel-linux-x86_64-debian-clang | 1.2 | 12.12 | 106.49 | 118.61 | NOTE | |
| r-devel-linux-x86_64-debian-gcc | 1.2 | 9.27 | 78.67 | 87.94 | NOTE | |
| r-devel-linux-x86_64-fedora-clang | 1.2 | 30.00 | 151.16 | 181.16 | OK | |
| r-devel-linux-x86_64-fedora-gcc | 1.2 | 25.00 | 148.68 | 173.68 | OK | |
| r-devel-windows-x86_64 | 1.2 | 14.00 | 102.00 | 116.00 | OK | |
| r-patched-linux-x86_64 | 1.2 | 12.54 | 102.16 | 114.70 | OK | |
| r-release-linux-x86_64 | 1.2 | 13.59 | 102.88 | 116.47 | OK | |
| r-release-macos-arm64 | 1.2 | 5.00 | 46.00 | 51.00 | OK | |
| r-release-macos-x86_64 | 1.2 | 9.00 | 73.00 | 82.00 | OK | |
| r-release-windows-x86_64 | 1.2 | 13.00 | 101.00 | 114.00 | OK | |
| r-oldrel-macos-arm64 | 1.2 | 5.00 | 41.00 | 46.00 | OK | |
| r-oldrel-macos-x86_64 | 1.2 | 9.00 | 61.00 | 70.00 | OK | |
| r-oldrel-windows-x86_64 | 1.2 | 18.00 | 131.00 | 149.00 | OK | 
Version: 1.2
Check: CRAN incoming feasibility
Result: NOTE
  Maintainer: ‘Ankur Chakravarthy <ankur.chakravarthy.10@ucl.ac.uk>’
  
  No Authors@R field in DESCRIPTION.
  Please add one, modifying
    Authors@R: person(given = "Ankur",
                      family = "Chakravarthy",
                      role = c("aut", "cre"),
                      email = "ankur.chakravarthy.10@ucl.ac.uk")
  as necessary.
Flavors: r-devel-linux-x86_64-debian-clang, r-devel-linux-x86_64-debian-gcc