Last updated on 2025-11-04 05:51:19 CET.
| Flavor | Version | Tinstall | Tcheck | Ttotal | Status | Flags | 
|---|---|---|---|---|---|---|
| r-devel-linux-x86_64-debian-clang | 0.3.5 | 10.66 | 91.06 | 101.72 | NOTE | |
| r-devel-linux-x86_64-debian-gcc | 0.3.5 | 7.06 | 65.62 | 72.68 | NOTE | |
| r-devel-linux-x86_64-fedora-clang | 0.3.5 | 22.00 | 137.15 | 159.15 | OK | |
| r-devel-linux-x86_64-fedora-gcc | 0.3.5 | 20.00 | 161.42 | 181.42 | OK | |
| r-devel-windows-x86_64 | 0.3.5 | 11.00 | 131.00 | 142.00 | OK | |
| r-patched-linux-x86_64 | 0.3.5 | 8.91 | 88.14 | 97.05 | OK | |
| r-release-linux-x86_64 | 0.3.5 | 9.25 | 87.35 | 96.60 | OK | |
| r-release-macos-arm64 | 0.3.5 | 4.00 | 102.00 | 106.00 | OK | |
| r-release-macos-x86_64 | 0.3.5 | 7.00 | 134.00 | 141.00 | OK | |
| r-release-windows-x86_64 | 0.3.5 | 12.00 | 130.00 | 142.00 | OK | |
| r-oldrel-macos-arm64 | 0.3.5 | 3.00 | 54.00 | 57.00 | OK | |
| r-oldrel-macos-x86_64 | 0.3.5 | 5.00 | 87.00 | 92.00 | OK | |
| r-oldrel-windows-x86_64 | 0.3.5 | 16.00 | 167.00 | 183.00 | OK | 
Version: 0.3.5
Check: CRAN incoming feasibility
Result: NOTE
  Maintainer: ‘Gangcai Xie <gcxiester@gmail.com>’
  
  No Authors@R field in DESCRIPTION.
  Please add one, modifying
    Authors@R: person(given = "Gangcai",
                      family = "Xie",
                      role = c("aut", "cre"),
                      email = "gcxiester@gmail.com")
  as necessary.
Flavors: r-devel-linux-x86_64-debian-clang, r-devel-linux-x86_64-debian-gcc