Last updated on 2025-11-04 05:51:19 CET.
| Flavor | Version | Tinstall | Tcheck | Ttotal | Status | Flags | 
|---|---|---|---|---|---|---|
| r-devel-linux-x86_64-debian-clang | 2.0 | 4.07 | 42.10 | 46.17 | NOTE | |
| r-devel-linux-x86_64-debian-gcc | 2.0 | 3.03 | 30.57 | 33.60 | NOTE | |
| r-devel-linux-x86_64-fedora-clang | 2.0 | 10.00 | 59.89 | 69.89 | OK | |
| r-devel-linux-x86_64-fedora-gcc | 2.0 | 65.32 | OK | |||
| r-devel-windows-x86_64 | 2.0 | 5.00 | 58.00 | 63.00 | OK | |
| r-patched-linux-x86_64 | 2.0 | 4.90 | 39.28 | 44.18 | OK | |
| r-release-linux-x86_64 | 2.0 | 3.06 | 38.76 | 41.82 | OK | |
| r-release-macos-arm64 | 2.0 | 2.00 | 20.00 | 22.00 | OK | |
| r-release-macos-x86_64 | 2.0 | 4.00 | 44.00 | 48.00 | OK | |
| r-release-windows-x86_64 | 2.0 | 5.00 | 57.00 | 62.00 | OK | |
| r-oldrel-macos-arm64 | 2.0 | 2.00 | 22.00 | 24.00 | OK | |
| r-oldrel-macos-x86_64 | 2.0 | 3.00 | 37.00 | 40.00 | OK | |
| r-oldrel-windows-x86_64 | 2.0 | 8.00 | 68.00 | 76.00 | OK | 
Version: 2.0
Check: CRAN incoming feasibility
Result: NOTE
  Maintainer: ‘Pietro Coretto <pcoretto@unisa.it>’
  
  Package CITATION file contains call(s) to old-style personList() or
  as.personList().  Please use c() on person objects instead.
  Package CITATION file contains call(s) to old-style citEntry().  Please
  use bibentry() instead.
Flavors: r-devel-linux-x86_64-debian-clang, r-devel-linux-x86_64-debian-gcc