Last updated on 2025-11-04 05:51:19 CET.
| Flavor | Version | Tinstall | Tcheck | Ttotal | Status | Flags | 
|---|---|---|---|---|---|---|
| r-devel-linux-x86_64-debian-clang | 0.1.0 | 1.84 | 18.91 | 20.75 | OK | |
| r-devel-linux-x86_64-debian-gcc | 0.1.0 | 1.24 | 16.12 | 17.36 | OK | |
| r-devel-linux-x86_64-fedora-clang | 0.1.0 | 32.27 | OK | |||
| r-devel-linux-x86_64-fedora-gcc | 0.1.0 | 30.64 | OK | |||
| r-devel-windows-x86_64 | 0.1.0 | 3.00 | 36.00 | 39.00 | OK | |
| r-patched-linux-x86_64 | 0.1.0 | 1.55 | 17.77 | 19.32 | OK | |
| r-release-linux-x86_64 | 0.1.0 | 1.13 | 17.71 | 18.84 | OK | |
| r-release-macos-arm64 | 0.1.0 | 1.00 | 12.00 | 13.00 | OK | |
| r-release-macos-x86_64 | 0.1.0 | 2.00 | 19.00 | 21.00 | OK | |
| r-release-windows-x86_64 | 0.1.0 | 3.00 | 36.00 | 39.00 | OK | |
| r-oldrel-macos-arm64 | 0.1.0 | 1.00 | 12.00 | 13.00 | NOTE | |
| r-oldrel-macos-x86_64 | 0.1.0 | 1.00 | 17.00 | 18.00 | NOTE | |
| r-oldrel-windows-x86_64 | 0.1.0 | 4.00 | 41.00 | 45.00 | NOTE | 
Version: 0.1.0
Check: package dependencies
Result: NOTE
  Package suggested but not available for checking: ‘Rcplex’
Flavors: r-oldrel-macos-arm64, r-oldrel-macos-x86_64, r-oldrel-windows-x86_64