CRAN Package Check Results for Package otinference

Last updated on 2025-07-12 18:49:47 CEST.

Flavor Version Tinstall Tcheck Ttotal Status Flags
r-devel-linux-x86_64-debian-clang 0.1.0 1.79 17.50 19.29 OK
r-devel-linux-x86_64-debian-gcc 0.1.0 1.40 14.69 16.09 OK
r-devel-linux-x86_64-fedora-clang 0.1.0 31.50 OK
r-devel-linux-x86_64-fedora-gcc 0.1.0 31.13 OK
r-devel-windows-x86_64 0.1.0 3.00 39.00 42.00 OK
r-patched-linux-x86_64 0.1.0 1.90 16.62 18.52 OK
r-release-linux-x86_64 0.1.0 1.30 16.48 17.78 OK
r-release-macos-arm64 0.1.0 13.00 OK
r-release-macos-x86_64 0.1.0 21.00 OK
r-release-windows-x86_64 0.1.0 3.00 39.00 42.00 OK
r-oldrel-macos-arm64 0.1.0 13.00 NOTE
r-oldrel-macos-x86_64 0.1.0 18.00 NOTE
r-oldrel-windows-x86_64 0.1.0 4.00 42.00 46.00 NOTE

Check Details

Version: 0.1.0
Check: package dependencies
Result: NOTE Package suggested but not available for checking: ‘Rcplex’ Flavors: r-oldrel-macos-arm64, r-oldrel-macos-x86_64, r-oldrel-windows-x86_64

mirror server hosted at Truenetwork, Russian Federation.