Last updated on 2025-11-04 05:51:19 CET.
| Flavor | Version | Tinstall | Tcheck | Ttotal | Status | Flags | 
|---|---|---|---|---|---|---|
| r-devel-linux-x86_64-debian-clang | 0.1 | 2.26 | 26.84 | 29.10 | NOTE | |
| r-devel-linux-x86_64-debian-gcc | 0.1 | 1.71 | 21.49 | 23.20 | NOTE | |
| r-devel-linux-x86_64-fedora-clang | 0.1 | 43.23 | OK | |||
| r-devel-linux-x86_64-fedora-gcc | 0.1 | 40.60 | OK | |||
| r-devel-windows-x86_64 | 0.1 | 4.00 | 45.00 | 49.00 | OK | |
| r-patched-linux-x86_64 | 0.1 | 2.47 | 25.69 | 28.16 | OK | |
| r-release-linux-x86_64 | 0.1 | 2.04 | 25.52 | 27.56 | OK | |
| r-release-macos-arm64 | 0.1 | 2.00 | 19.00 | 21.00 | OK | |
| r-release-macos-x86_64 | 0.1 | 3.00 | 29.00 | 32.00 | OK | |
| r-release-windows-x86_64 | 0.1 | 4.00 | 44.00 | 48.00 | OK | |
| r-oldrel-macos-arm64 | 0.1 | 2.00 | 16.00 | 18.00 | OK | |
| r-oldrel-macos-x86_64 | 0.1 | 2.00 | 24.00 | 26.00 | OK | |
| r-oldrel-windows-x86_64 | 0.1 | 4.00 | 51.00 | 55.00 | OK | 
Version: 0.1
Check: CRAN incoming feasibility
Result: NOTE
  Maintainer: ‘Xavier Domingo-Almenara <xavier.domingo@urv.cat>’
  
  No Authors@R field in DESCRIPTION.
  Please add one, modifying
    Authors@R: person(given = "Xavier",
                      family = "Domingo-Almenara",
                      role = c("aut", "cre"),
                      email = "xavier.domingo@urv.cat")
  as necessary.
Flavors: r-devel-linux-x86_64-debian-clang, r-devel-linux-x86_64-debian-gcc