Last updated on 2025-11-04 05:51:19 CET.
| Flavor | Version | Tinstall | Tcheck | Ttotal | Status | Flags | 
|---|---|---|---|---|---|---|
| r-devel-linux-x86_64-debian-clang | 1.0.5 | 27.85 | 270.76 | 298.61 | NOTE | |
| r-devel-linux-x86_64-debian-gcc | 1.0.5 | 17.02 | 169.48 | 186.50 | NOTE | |
| r-devel-linux-x86_64-fedora-clang | 1.0.5 | 61.00 | 410.74 | 471.74 | OK | |
| r-devel-linux-x86_64-fedora-gcc | 1.0.5 | 58.00 | 412.52 | 470.52 | OK | |
| r-devel-windows-x86_64 | 1.0.5 | 28.00 | 216.00 | 244.00 | OK | |
| r-patched-linux-x86_64 | 1.0.5 | 22.84 | 257.41 | 280.25 | OK | |
| r-release-linux-x86_64 | 1.0.5 | 27.07 | 256.93 | 284.00 | OK | |
| r-release-macos-arm64 | 1.0.5 | 12.00 | 106.00 | 118.00 | OK | |
| r-release-macos-x86_64 | 1.0.5 | 32.00 | 212.00 | 244.00 | OK | |
| r-release-windows-x86_64 | 1.0.5 | 27.00 | 214.00 | 241.00 | OK | |
| r-oldrel-macos-arm64 | 1.0.5 | 11.00 | 91.00 | 102.00 | OK | |
| r-oldrel-macos-x86_64 | 1.0.5 | 20.00 | 162.00 | 182.00 | OK | |
| r-oldrel-windows-x86_64 | 1.0.5 | 38.00 | 292.00 | 330.00 | OK | 
Version: 1.0.5
Check: CRAN incoming feasibility
Result: NOTE
  Maintainer: ‘Steffen Kriewald <kriewald@pik-potsdam.de>’
  
  No Authors@R field in DESCRIPTION.
  Please add one, modifying
    Authors@R: c(person(given = "Steffen",
                        family = "Kriewald",
                        role = c("aut", "cre"),
                        email = "kriewald@pik-potsdam.de"),
                 person(given = "Till",
                        family = "Fluschnik",
                        role = "aut"),
                 person(given = "Dominik",
                        family = "Reusser",
                        role = "aut"),
                 person(given = "Diego",
                        family = "Rybski",
                        role = "aut"))
  as necessary.
Flavors: r-devel-linux-x86_64-debian-clang, r-devel-linux-x86_64-debian-gcc