CRAN Package Check Results for Package orsk

Last updated on 2025-07-16 07:49:14 CEST.

Flavor Version Tinstall Tcheck Ttotal Status Flags
r-devel-linux-x86_64-debian-clang 1.0-8 2.71 26.97 29.68 NOTE
r-devel-linux-x86_64-debian-gcc 1.0-8 2.07 22.01 24.08 NOTE
r-devel-linux-x86_64-fedora-clang 1.0-8 46.96 OK
r-devel-linux-x86_64-fedora-gcc 1.0-8 57.83 OK
r-devel-windows-x86_64 1.0-8 5.00 68.00 73.00 OK
r-patched-linux-x86_64 1.0-8 2.70 25.98 28.68 OK
r-release-linux-x86_64 1.0-8 2.42 25.72 28.14 OK
r-release-macos-arm64 1.0-8 27.00 OK
r-release-macos-x86_64 1.0-8 48.00 OK
r-release-windows-x86_64 1.0-8 6.00 78.00 84.00 OK
r-oldrel-macos-arm64 1.0-8 25.00 OK
r-oldrel-macos-x86_64 1.0-8 35.00 OK
r-oldrel-windows-x86_64 1.0-8 6.00 70.00 76.00 OK

Check Details

Version: 1.0-8
Check: CRAN incoming feasibility
Result: NOTE Maintainer: ‘Zhu Wang <zwang145@uthsc.edu>’ No Authors@R field in DESCRIPTION. Please add one, modifying Authors@R: person(given = "Zhu", family = "Wang", role = c("aut", "cre"), email = "https://orcid.org/0000-0002-0773-0052") as necessary. Flavors: r-devel-linux-x86_64-debian-clang, r-devel-linux-x86_64-debian-gcc

mirror server hosted at Truenetwork, Russian Federation.