Last updated on 2025-11-04 05:51:19 CET.
| Flavor | Version | Tinstall | Tcheck | Ttotal | Status | Flags | 
|---|---|---|---|---|---|---|
| r-devel-linux-x86_64-debian-clang | 5.6 | 4.93 | 55.43 | 60.36 | NOTE | |
| r-devel-linux-x86_64-debian-gcc | 5.6 | 3.61 | 42.89 | 46.50 | NOTE | |
| r-devel-linux-x86_64-fedora-clang | 5.6 | 11.00 | 80.41 | 91.41 | OK | |
| r-devel-linux-x86_64-fedora-gcc | 5.6 | 11.00 | 90.37 | 101.37 | OK | |
| r-devel-windows-x86_64 | 5.6 | 8.00 | 73.00 | 81.00 | OK | |
| r-patched-linux-x86_64 | 5.6 | 6.18 | 52.82 | 59.00 | OK | |
| r-release-linux-x86_64 | 5.6 | 5.21 | 52.74 | 57.95 | OK | |
| r-release-macos-arm64 | 5.6 | 3.00 | 40.00 | 43.00 | OK | |
| r-release-macos-x86_64 | 5.6 | 5.00 | 65.00 | 70.00 | OK | |
| r-release-windows-x86_64 | 5.6 | 7.00 | 71.00 | 78.00 | OK | |
| r-oldrel-macos-arm64 | 5.6 | 2.00 | 34.00 | 36.00 | OK | |
| r-oldrel-macos-x86_64 | 5.6 | 4.00 | 50.00 | 54.00 | OK | |
| r-oldrel-windows-x86_64 | 5.6 | 9.00 | 87.00 | 96.00 | OK | 
Version: 5.6
Check: CRAN incoming feasibility
Result: NOTE
  Maintainer: ‘Manuel Munoz-Marquez <manuel.munoz@uca.es>’
  
  No Authors@R field in DESCRIPTION.
  Please add one, modifying
    Authors@R: person(given = "Manuel",
                      family = "Munoz-Marquez",
                      role = c("aut", "cre"),
                      email = "manuel.munoz@uca.es")
  as necessary.
Flavors: r-devel-linux-x86_64-debian-clang, r-devel-linux-x86_64-debian-gcc