Last updated on 2025-05-23 12:49:35 CEST.
Flavor | Version | Tinstall | Tcheck | Ttotal | Status | Flags |
---|---|---|---|---|---|---|
r-devel-linux-x86_64-debian-clang | 2.4-4 | 57.76 | 29.27 | 87.03 | OK | |
r-devel-linux-x86_64-debian-gcc | 2.4-4 | 41.87 | 22.70 | 64.57 | OK | |
r-devel-linux-x86_64-fedora-clang | 2.4-4 | 181.59 | OK | |||
r-devel-linux-x86_64-fedora-gcc | 2.4-4 | 177.81 | OK | |||
r-devel-windows-x86_64 | 2.4-4 | 77.00 | 105.00 | 182.00 | OK | |
r-patched-linux-x86_64 | 2.4-4 | 57.30 | 28.03 | 85.33 | OK | |
r-release-linux-x86_64 | 2.4-4 | 60.04 | 28.25 | 88.29 | OK | |
r-release-macos-arm64 | 2.4-4 | 48.00 | OK | |||
r-release-macos-x86_64 | 2.4-4 | 51.00 | OK | |||
r-release-windows-x86_64 | 2.4-4 | 75.00 | 96.00 | 171.00 | OK | |
r-oldrel-macos-arm64 | 2.4-4 | 44.00 | NOTE | |||
r-oldrel-macos-x86_64 | 2.4-4 | 58.00 | NOTE | |||
r-oldrel-windows-x86_64 | 2.4-4 | 88.00 | 82.00 | 170.00 | OK |
Version: 2.4-4
Check: installed package size
Result: NOTE
installed size is 5.7Mb
sub-directories of 1Mb or more:
libs 5.6Mb
Flavors: r-oldrel-macos-arm64, r-oldrel-macos-x86_64