Last updated on 2025-11-03 23:50:26 CET.
| Flavor | Version | Tinstall | Tcheck | Ttotal | Status | Flags | 
|---|---|---|---|---|---|---|
| r-devel-linux-x86_64-debian-clang | 0.1-1 | 29.85 | 67.06 | 96.91 | OK | |
| r-devel-linux-x86_64-debian-gcc | 0.1-1 | 22.43 | 49.97 | 72.40 | OK | |
| r-devel-linux-x86_64-fedora-clang | 0.1-1 | 81.00 | 100.95 | 181.95 | OK | |
| r-devel-linux-x86_64-fedora-gcc | 0.1-1 | 60.00 | 95.29 | 155.29 | OK | |
| r-devel-windows-x86_64 | 0.1-1 | 43.00 | 90.00 | 133.00 | OK | |
| r-patched-linux-x86_64 | 0.1-1 | 31.13 | 63.63 | 94.76 | OK | |
| r-release-linux-x86_64 | 0.1-1 | 30.55 | 64.63 | 95.18 | OK | |
| r-release-macos-arm64 | 0.1-1 | 14.00 | 34.00 | 48.00 | OK | |
| r-release-macos-x86_64 | 0.1-1 | 16.00 | 66.00 | 82.00 | OK | |
| r-release-windows-x86_64 | 0.1-1 | 40.00 | 89.00 | 129.00 | OK | |
| r-oldrel-macos-arm64 | 0.1-1 | 15.00 | 30.00 | 45.00 | NOTE | |
| r-oldrel-macos-x86_64 | 0.1-1 | 15.00 | 58.00 | 73.00 | NOTE | |
| r-oldrel-windows-x86_64 | 0.1-1 | 50.00 | 111.00 | 161.00 | NOTE | 
Version: 0.1-1
Check: LazyData
Result: NOTE
    'LazyData' is specified without a 'data' directory
Flavors: r-oldrel-macos-arm64, r-oldrel-macos-x86_64, r-oldrel-windows-x86_64