Last updated on 2025-11-04 11:52:37 CET.
| Flavor | Version | Tinstall | Tcheck | Ttotal | Status | Flags | 
|---|---|---|---|---|---|---|
| r-devel-linux-x86_64-debian-clang | 0.10.8 | 39.05 | 211.50 | 250.55 | OK | |
| r-devel-linux-x86_64-debian-gcc | 0.10.8 | 25.61 | 143.83 | 169.44 | OK | |
| r-devel-linux-x86_64-fedora-clang | 0.10.8 | 96.00 | 308.57 | 404.57 | OK | |
| r-devel-linux-x86_64-fedora-gcc | 0.10.8 | 63.00 | 347.84 | 410.84 | OK | |
| r-devel-windows-x86_64 | 0.10.8 | 51.00 | 220.00 | 271.00 | OK | |
| r-patched-linux-x86_64 | 0.10.8 | 41.47 | 200.73 | 242.20 | OK | |
| r-release-linux-x86_64 | 0.10.8 | 36.36 | 202.35 | 238.71 | OK | |
| r-release-macos-arm64 | 0.10.8 | 22.00 | 169.00 | 191.00 | OK | |
| r-release-macos-x86_64 | 0.10.8 | 22.00 | 194.00 | 216.00 | OK | |
| r-release-windows-x86_64 | 0.10.8 | 48.00 | 217.00 | 265.00 | OK | |
| r-oldrel-macos-arm64 | 0.10.8 | 15.00 | 95.00 | 110.00 | NOTE | |
| r-oldrel-macos-x86_64 | 0.10.8 | 21.00 | 204.00 | 225.00 | NOTE | |
| r-oldrel-windows-x86_64 | 0.10.8 | 58.00 | 291.00 | 349.00 | NOTE | 
Version: 0.10.8
Check: package dependencies
Result: NOTE
  Package suggested but not available for checking: ‘rrelaxiv’
Flavors: r-oldrel-macos-arm64, r-oldrel-macos-x86_64, r-oldrel-windows-x86_64