Last updated on 2025-11-04 11:52:37 CET.
| Flavor | Version | Tinstall | Tcheck | Ttotal | Status | Flags | 
|---|---|---|---|---|---|---|
| r-devel-linux-x86_64-debian-clang | 0.1 | 2.37 | 21.33 | 23.70 | OK | |
| r-devel-linux-x86_64-debian-gcc | 0.1 | 1.62 | 17.88 | 19.50 | OK | |
| r-devel-linux-x86_64-fedora-clang | 0.1 | 34.26 | OK | |||
| r-devel-linux-x86_64-fedora-gcc | 0.1 | 32.45 | OK | |||
| r-devel-windows-x86_64 | 0.1 | 4.00 | 45.00 | 49.00 | OK | |
| r-patched-linux-x86_64 | 0.1 | 2.14 | 20.17 | 22.31 | OK | |
| r-release-linux-x86_64 | 0.1 | 2.00 | 20.27 | 22.27 | OK | |
| r-release-macos-arm64 | 0.1 | 2.00 | 17.00 | 19.00 | OK | |
| r-release-macos-x86_64 | 0.1 | 2.00 | 25.00 | 27.00 | OK | |
| r-release-windows-x86_64 | 0.1 | 4.00 | 43.00 | 47.00 | OK | |
| r-oldrel-macos-arm64 | 0.1 | 1.00 | 17.00 | 18.00 | NOTE | |
| r-oldrel-macos-x86_64 | 0.1 | 2.00 | 21.00 | 23.00 | NOTE | |
| r-oldrel-windows-x86_64 | 0.1 | 4.00 | 50.00 | 54.00 | NOTE | 
Version: 0.1
Check: LazyData
Result: NOTE
    'LazyData' is specified without a 'data' directory
Flavors: r-oldrel-macos-arm64, r-oldrel-macos-x86_64, r-oldrel-windows-x86_64