Last updated on 2025-05-22 12:50:07 CEST.
Flavor | Version | Tinstall | Tcheck | Ttotal | Status | Flags |
---|---|---|---|---|---|---|
r-devel-linux-x86_64-debian-clang | 4.2.8 | 93.03 | 118.79 | 211.82 | OK | |
r-devel-linux-x86_64-debian-gcc | 4.2.8 | 67.55 | 82.55 | 150.10 | OK | |
r-devel-linux-x86_64-fedora-clang | 4.2.8 | 400.27 | OK | |||
r-devel-linux-x86_64-fedora-gcc | 4.2.8 | 392.08 | OK | |||
r-devel-windows-x86_64 | 4.2.8 | 103.00 | 209.00 | 312.00 | OK | |
r-patched-linux-x86_64 | 4.2.8 | 90.84 | 112.30 | 203.14 | OK | |
r-release-linux-x86_64 | 4.2.8 | 91.57 | 111.66 | 203.23 | OK | |
r-release-macos-arm64 | 4.2.8 | 99.00 | OK | |||
r-release-macos-x86_64 | 4.2.8 | 208.00 | OK | |||
r-release-windows-x86_64 | 4.2.8 | 105.00 | 227.00 | 332.00 | OK | |
r-oldrel-macos-arm64 | 4.2.8 | 118.00 | NOTE | |||
r-oldrel-macos-x86_64 | 4.2.8 | 260.00 | NOTE | |||
r-oldrel-windows-x86_64 | 4.2.8 | 132.00 | 214.00 | 346.00 | OK |
Version: 4.2.8
Check: installed package size
Result: NOTE
installed size is 7.4Mb
sub-directories of 1Mb or more:
extdata 1.2Mb
libs 5.1Mb
Flavors: r-oldrel-macos-arm64, r-oldrel-macos-x86_64