CRAN Package Check Results for Package onlineCOV

Last updated on 2025-07-21 06:49:33 CEST.

Flavor Version Tinstall Tcheck Ttotal Status Flags
r-devel-linux-x86_64-debian-clang 1.3 2.99 17.94 20.93 NOTE
r-devel-linux-x86_64-debian-gcc 1.3 2.24 15.14 17.38 NOTE
r-devel-linux-x86_64-fedora-clang 1.3 31.43 OK
r-devel-linux-x86_64-fedora-gcc 1.3 31.07 OK
r-devel-windows-x86_64 1.3 7.00 36.00 43.00 OK
r-patched-linux-x86_64 1.3 2.70 17.07 19.77 OK
r-release-linux-x86_64 1.3 2.66 16.90 19.56 OK
r-release-macos-arm64 1.3 13.00 OK
r-release-macos-x86_64 1.3 24.00 OK
r-release-windows-x86_64 1.3 8.00 40.00 48.00 OK
r-oldrel-macos-arm64 1.3 16.00 OK
r-oldrel-macos-x86_64 1.3 22.00 OK
r-oldrel-windows-x86_64 1.3 6.00 37.00 43.00 OK

Check Details

Version: 1.3
Check: CRAN incoming feasibility
Result: NOTE Maintainer: ‘Jun Li <jli49@kent.edu>’ No Authors@R field in DESCRIPTION. Please add one, modifying Authors@R: c(person(given = "Lingjun", family = "Li", role = "aut"), person(given = "Jun", family = "Li", role = c("aut", "cre"), email = "jli49@kent.edu")) as necessary. The Description field contains <arXiv:1911.07762>. Please refer to arXiv e-prints via their arXiv DOI <doi:10.48550/arXiv.YYMM.NNNNN>. Flavors: r-devel-linux-x86_64-debian-clang, r-devel-linux-x86_64-debian-gcc

mirror server hosted at Truenetwork, Russian Federation.