CRAN Package Check Results for Package oceanmap

Last updated on 2025-05-22 12:50:07 CEST.

Flavor Version Tinstall Tcheck Ttotal Status Flags
r-devel-linux-x86_64-debian-clang 0.1.6 40.26 350.87 391.13 NOTE
r-devel-linux-x86_64-debian-gcc 0.1.6 26.25 237.30 263.55 NOTE
r-devel-linux-x86_64-fedora-clang 0.1.6 613.91 OK
r-devel-linux-x86_64-fedora-gcc 0.1.6 596.88 OK
r-devel-windows-x86_64 0.1.6 40.00 422.00 462.00 NOTE
r-patched-linux-x86_64 0.1.6 39.76 329.75 369.51 NOTE
r-release-linux-x86_64 0.1.6 37.31 332.99 370.30 NOTE
r-release-macos-arm64 0.1.6 128.00 OK
r-release-macos-x86_64 0.1.6 273.00 OK
r-release-windows-x86_64 0.1.6 40.00 299.00 339.00 NOTE
r-oldrel-macos-arm64 0.1.6 130.00 NOTE
r-oldrel-macos-x86_64 0.1.6 229.00 NOTE
r-oldrel-windows-x86_64 0.1.6 55.00 379.00 434.00 NOTE

Check Details

Version: 0.1.6
Check: CRAN incoming feasibility
Result: NOTE Maintainer: ‘Robert K. Bauer <rkbauer@hawaii.edu>’ No Authors@R field in DESCRIPTION. Please add one, modifying Authors@R: person(given = c("Robert", "K."), family = "Bauer", role = c("aut", "cre"), email = "rkbauer@hawaii.edu") as necessary. Flavors: r-devel-linux-x86_64-debian-clang, r-devel-linux-x86_64-debian-gcc

Version: 0.1.6
Check: Rd cross-references
Result: NOTE Found the following Rd file(s) with Rd \link{} targets missing package anchors: ggplotmaply.Rd: ggplotly oceanmap.Rd: raster readbin.Rd: fields Please provide package anchors for all Rd \link{} targets not in the package itself and the base packages. Flavors: r-devel-linux-x86_64-debian-clang, r-devel-linux-x86_64-debian-gcc, r-devel-windows-x86_64, r-patched-linux-x86_64, r-release-linux-x86_64, r-release-windows-x86_64

Version: 0.1.6
Check: installed package size
Result: NOTE installed size is 6.2Mb sub-directories of 1Mb or more: R 1.6Mb test_files 4.2Mb Flavors: r-oldrel-macos-arm64, r-oldrel-macos-x86_64, r-oldrel-windows-x86_64

mirror server hosted at Truenetwork, Russian Federation.