Last updated on 2025-11-04 05:51:18 CET.
| Flavor | Version | Tinstall | Tcheck | Ttotal | Status | Flags | 
|---|---|---|---|---|---|---|
| r-devel-linux-x86_64-debian-clang | 1.8.5 | 45.01 | 237.29 | 282.30 | OK | |
| r-devel-linux-x86_64-debian-gcc | 1.8.5 | 26.35 | 156.40 | 182.75 | OK | |
| r-devel-linux-x86_64-fedora-clang | 1.8.5 | 99.00 | 350.26 | 449.26 | OK | |
| r-devel-linux-x86_64-fedora-gcc | 1.8.5 | 94.00 | 337.47 | 431.47 | OK | |
| r-devel-windows-x86_64 | 1.8.5 | 50.00 | 199.00 | 249.00 | OK | |
| r-patched-linux-x86_64 | 1.8.5 | 44.45 | 221.83 | 266.28 | OK | |
| r-release-linux-x86_64 | 1.8.5 | 39.87 | 222.56 | 262.43 | OK | |
| r-release-macos-arm64 | 1.8.5 | 16.00 | 78.00 | 94.00 | OK | |
| r-release-macos-x86_64 | 1.8.5 | 36.00 | 165.00 | 201.00 | OK | |
| r-release-windows-x86_64 | 1.8.5 | 48.00 | 198.00 | 246.00 | OK | |
| r-oldrel-macos-arm64 | 1.8.5 | 17.00 | 81.00 | 98.00 | NOTE | |
| r-oldrel-macos-x86_64 | 1.8.5 | 31.00 | 135.00 | 166.00 | NOTE | |
| r-oldrel-windows-x86_64 | 1.8.5 | 65.00 | 260.00 | 325.00 | NOTE | 
Version: 1.8.5
Check: installed package size
Result: NOTE
    installed size is 10.1Mb
    sub-directories of 1Mb or more:
      R         2.0Mb
      doc       5.7Mb
      extdata   1.6Mb
Flavors: r-oldrel-macos-arm64, r-oldrel-macos-x86_64, r-oldrel-windows-x86_64