CRAN Package Check Results for Package nvctr

Last updated on 2025-05-23 18:50:34 CEST.

Flavor Version Tinstall Tcheck Ttotal Status Flags
r-devel-linux-x86_64-debian-clang 0.1.4 2.29 31.30 33.59 NOTE
r-devel-linux-x86_64-debian-gcc 0.1.4 1.76 25.44 27.20 NOTE
r-devel-linux-x86_64-fedora-clang 0.1.4 50.68 NOTE
r-devel-linux-x86_64-fedora-gcc 0.1.4 62.68 NOTE
r-devel-windows-x86_64 0.1.4 6.00 91.00 97.00 NOTE
r-patched-linux-x86_64 0.1.4 2.42 28.77 31.19 NOTE
r-release-linux-x86_64 0.1.4 2.13 28.78 30.91 NOTE
r-release-macos-arm64 0.1.4 28.00 NOTE
r-release-macos-x86_64 0.1.4 72.00 NOTE
r-release-windows-x86_64 0.1.4 3.00 86.00 89.00 NOTE
r-oldrel-macos-arm64 0.1.4 26.00 NOTE
r-oldrel-macos-x86_64 0.1.4 45.00 NOTE
r-oldrel-windows-x86_64 0.1.4 4.00 65.00 69.00 NOTE

Check Details

Version: 0.1.4
Check: Rd files
Result: NOTE checkRd: (-1) xyz2R.Rd:31: Lost braces 31 | \item Finally, code{T} is rotated an angle \code{z} about its NEWEST z-axis. | ^ Flavors: r-devel-linux-x86_64-debian-clang, r-devel-linux-x86_64-debian-gcc, r-devel-linux-x86_64-fedora-clang, r-devel-linux-x86_64-fedora-gcc, r-devel-windows-x86_64, r-patched-linux-x86_64, r-release-linux-x86_64, r-release-macos-arm64, r-release-macos-x86_64, r-release-windows-x86_64, r-oldrel-macos-arm64, r-oldrel-macos-x86_64, r-oldrel-windows-x86_64

Version: 0.1.4
Check: LazyData
Result: NOTE 'LazyData' is specified without a 'data' directory Flavors: r-oldrel-macos-arm64, r-oldrel-macos-x86_64, r-oldrel-windows-x86_64

mirror server hosted at Truenetwork, Russian Federation.