CRAN Package Check Results for Package numberofalleles

Last updated on 2025-07-16 00:49:48 CEST.

Flavor Version Tinstall Tcheck Ttotal Status Flags
r-devel-linux-x86_64-debian-clang 1.0.1 23.80 38.87 62.67 NOTE
r-devel-linux-x86_64-debian-gcc 1.0.1 15.77 30.83 46.60 NOTE
r-devel-linux-x86_64-fedora-clang 1.0.1 110.78 NOTE
r-devel-linux-x86_64-fedora-gcc 1.0.1 124.70 NOTE
r-devel-windows-x86_64 1.0.1 30.00 78.00 108.00 OK
r-patched-linux-x86_64 1.0.1 24.34 36.99 61.33 OK
r-release-linux-x86_64 1.0.1 23.80 36.91 60.71 OK
r-release-macos-arm64 1.0.1 36.00 OK
r-release-macos-x86_64 1.0.1 64.00 OK
r-release-windows-x86_64 1.0.1 30.00 74.00 104.00 OK
r-oldrel-macos-arm64 1.0.1 38.00 OK
r-oldrel-macos-x86_64 1.0.1 51.00 OK
r-oldrel-windows-x86_64 1.0.1 35.00 89.00 124.00 OK

Check Details

Version: 1.0.1
Check: CRAN incoming feasibility
Result: NOTE Maintainer: ‘Maarten Kruijver <maarten.kruijver@esr.cri.nz>’ Package CITATION file contains call(s) to old-style citEntry(). Please use bibentry() instead. Flavors: r-devel-linux-x86_64-debian-clang, r-devel-linux-x86_64-debian-gcc

Version: 1.0.1
Check: dependencies in R code
Result: NOTE Namespace in Imports field not imported from: ‘pedtools’ All declared Imports should be used. Flavors: r-devel-linux-x86_64-fedora-clang, r-devel-linux-x86_64-fedora-gcc

mirror server hosted at Truenetwork, Russian Federation.