Last updated on 2025-05-27 18:49:56 CEST.
Flavor | Version | Tinstall | Tcheck | Ttotal | Status | Flags |
---|---|---|---|---|---|---|
r-devel-linux-x86_64-debian-clang | 0.2.0 | 5.20 | 48.50 | 53.70 | NOTE | |
r-devel-linux-x86_64-debian-gcc | 0.2.0 | 4.54 | 36.98 | 41.52 | NOTE | |
r-devel-linux-x86_64-fedora-clang | 0.2.0 | 84.09 | OK | |||
r-devel-linux-x86_64-fedora-gcc | 0.2.0 | 80.33 | OK | |||
r-devel-windows-x86_64 | 0.2.0 | 6.00 | 61.00 | 67.00 | OK | |
r-patched-linux-x86_64 | 0.2.0 | 5.48 | 46.93 | 52.41 | OK | |
r-release-linux-x86_64 | 0.2.0 | 6.06 | 47.05 | 53.11 | OK | |
r-release-macos-arm64 | 0.2.0 | 30.00 | OK | |||
r-release-macos-x86_64 | 0.2.0 | 50.00 | OK | |||
r-release-windows-x86_64 | 0.2.0 | 7.00 | 63.00 | 70.00 | OK | |
r-oldrel-macos-arm64 | 0.2.0 | 27.00 | NOTE | |||
r-oldrel-macos-x86_64 | 0.2.0 | 40.00 | NOTE | |||
r-oldrel-windows-x86_64 | 0.2.0 | 9.00 | 68.00 | 77.00 | NOTE |
Version: 0.2.0
Check: CRAN incoming feasibility
Result: NOTE
Maintainer: ‘Zhicheng Du<dgdzc@hotmail.com>’
No Authors@R field in DESCRIPTION.
Please add one, modifying
Authors@R: c(person(given = "Zhicheng",
family = "Du",
role = c("aut", "cre"),
email = "dgdzc@hotmail.com"),
person(given = "Yuantao",
family = "Hao",
role = "aut"))
as necessary.
Flavors: r-devel-linux-x86_64-debian-clang, r-devel-linux-x86_64-debian-gcc
Version: 0.2.0
Check: LazyData
Result: NOTE
'LazyData' is specified without a 'data' directory
Flavors: r-oldrel-macos-arm64, r-oldrel-macos-x86_64, r-oldrel-windows-x86_64