Last updated on 2025-11-04 05:51:18 CET.
| Flavor | Version | Tinstall | Tcheck | Ttotal | Status | Flags | 
|---|---|---|---|---|---|---|
| r-devel-linux-x86_64-debian-clang | 1.0.11 | 9.26 | 80.82 | 90.08 | NOTE | |
| r-devel-linux-x86_64-debian-gcc | 1.0.11 | 6.58 | 58.63 | 65.21 | NOTE | |
| r-devel-linux-x86_64-fedora-clang | 1.0.11 | 19.00 | 126.26 | 145.26 | NOTE | |
| r-devel-linux-x86_64-fedora-gcc | 1.0.11 | 19.00 | 131.33 | 150.33 | NOTE | |
| r-devel-windows-x86_64 | 1.0.11 | 12.00 | 89.00 | 101.00 | NOTE | |
| r-patched-linux-x86_64 | 1.0.11 | 9.49 | 78.53 | 88.02 | NOTE | |
| r-release-linux-x86_64 | 1.0.11 | 8.66 | 78.99 | 87.65 | NOTE | |
| r-release-macos-arm64 | 1.0.11 | 4.00 | 39.00 | 43.00 | NOTE | |
| r-release-macos-x86_64 | 1.0.11 | 10.00 | 89.00 | 99.00 | NOTE | |
| r-release-windows-x86_64 | 1.0.11 | 10.00 | 87.00 | 97.00 | NOTE | |
| r-oldrel-macos-arm64 | 1.0.11 | 4.00 | 41.00 | 45.00 | NOTE | |
| r-oldrel-macos-x86_64 | 1.0.11 | 8.00 | 64.00 | 72.00 | NOTE | |
| r-oldrel-windows-x86_64 | 1.0.11 | 14.00 | 111.00 | 125.00 | NOTE | 
Version: 1.0.11
Check: CRAN incoming feasibility
Result: NOTE
  Maintainer: ‘Volker Schmid <volker.schmid@lmu.de>’
  
  Package CITATION file contains call(s) to old-style personList() or
  as.personList().  Please use c() on person objects instead.
  Package CITATION file contains call(s) to old-style citEntry().  Please
  use bibentry() instead.
Flavors: r-devel-linux-x86_64-debian-clang, r-devel-linux-x86_64-debian-gcc
Version: 1.0.11
Check: package subdirectories
Result: NOTE
  Problems with news in ‘NEWS.md’:
  No news entries found.
Flavors: r-devel-linux-x86_64-debian-clang, r-devel-linux-x86_64-debian-gcc, r-devel-linux-x86_64-fedora-clang, r-devel-linux-x86_64-fedora-gcc, r-devel-windows-x86_64, r-patched-linux-x86_64, r-release-linux-x86_64, r-release-macos-arm64, r-release-macos-x86_64, r-release-windows-x86_64, r-oldrel-macos-arm64, r-oldrel-macos-x86_64, r-oldrel-windows-x86_64