Last updated on 2025-11-04 05:51:18 CET.
| Flavor | Version | Tinstall | Tcheck | Ttotal | Status | Flags | 
|---|---|---|---|---|---|---|
| r-devel-linux-x86_64-debian-clang | 0.8.0 | 26.39 | 73.01 | 99.40 | NOTE | |
| r-devel-linux-x86_64-debian-gcc | 0.8.0 | 14.93 | 49.73 | 64.66 | NOTE | |
| r-devel-linux-x86_64-fedora-clang | 0.8.0 | 47.00 | 106.60 | 153.60 | OK | |
| r-devel-linux-x86_64-fedora-gcc | 0.8.0 | 55.00 | 89.99 | 144.99 | OK | |
| r-devel-windows-x86_64 | 0.8.0 | 26.00 | 100.00 | 126.00 | OK | |
| r-patched-linux-x86_64 | 0.8.0 | 23.87 | 70.38 | 94.25 | OK | |
| r-release-linux-x86_64 | 0.8.0 | 23.50 | 67.83 | 91.33 | OK | |
| r-release-macos-arm64 | 0.8.0 | 11.00 | 29.00 | 40.00 | OK | |
| r-release-macos-x86_64 | 0.8.0 | 23.00 | 58.00 | 81.00 | OK | |
| r-release-windows-x86_64 | 0.8.0 | 25.00 | 98.00 | 123.00 | OK | |
| r-oldrel-macos-arm64 | 0.8.0 | 10.00 | 28.00 | 38.00 | NOTE | |
| r-oldrel-macos-x86_64 | 0.8.0 | 15.00 | 42.00 | 57.00 | NOTE | |
| r-oldrel-windows-x86_64 | 0.8.0 | 27.00 | 125.00 | 152.00 | OK | 
Version: 0.8.0
Check: CRAN incoming feasibility
Result: NOTE
  Maintainer: ‘Oleg Badunenko <oleg.badunenko@brunel.ac.uk>’
  
  No Authors@R field in DESCRIPTION.
  Please add one, modifying
    Authors@R: c(person(given = "Oleg",
                        family = "Badunenko",
                        role = c("aut", "cre"),
                        email = "oleg.badunenko@brunel.ac.uk"),
                 person(given = "Pavlo",
                        family = "Mozharovskyi",
                        role = "aut"),
                 person(given = "Yaryna",
                        family = "Kolomiytseva",
                        role = "aut"))
  as necessary.
Flavors: r-devel-linux-x86_64-debian-clang, r-devel-linux-x86_64-debian-gcc
Version: 0.8.0
Check: package dependencies
Result: NOTE
  Package suggested but not available for checking: ‘Rmpi’
Flavors: r-oldrel-macos-arm64, r-oldrel-macos-x86_64