Last updated on 2025-11-04 11:52:37 CET.
| Flavor | Version | Tinstall | Tcheck | Ttotal | Status | Flags | 
|---|---|---|---|---|---|---|
| r-devel-linux-x86_64-debian-clang | 0.1.0 | 6.35 | 52.16 | 58.51 | OK | |
| r-devel-linux-x86_64-debian-gcc | 0.1.0 | 4.86 | 40.67 | 45.53 | OK | |
| r-devel-linux-x86_64-fedora-clang | 0.1.0 | 15.00 | 74.76 | 89.76 | OK | |
| r-devel-linux-x86_64-fedora-gcc | 0.1.0 | 13.00 | 71.54 | 84.54 | OK | |
| r-devel-windows-x86_64 | 0.1.0 | 7.00 | 60.00 | 67.00 | OK | |
| r-patched-linux-x86_64 | 0.1.0 | 5.34 | 50.19 | 55.53 | OK | |
| r-release-linux-x86_64 | 0.1.0 | 4.95 | 50.30 | 55.25 | OK | |
| r-release-macos-arm64 | 0.1.0 | 3.00 | 28.00 | 31.00 | OK | |
| r-release-macos-x86_64 | 0.1.0 | 5.00 | 45.00 | 50.00 | OK | |
| r-release-windows-x86_64 | 0.1.0 | 6.00 | 61.00 | 67.00 | OK | |
| r-oldrel-macos-arm64 | 0.1.0 | 3.00 | 27.00 | 30.00 | NOTE | |
| r-oldrel-macos-x86_64 | 0.1.0 | 5.00 | 36.00 | 41.00 | NOTE | |
| r-oldrel-windows-x86_64 | 0.1.0 | 9.00 | 77.00 | 86.00 | NOTE | 
Version: 0.1.0
Check: LazyData
Result: NOTE
    'LazyData' is specified without a 'data' directory
Flavors: r-oldrel-macos-arm64, r-oldrel-macos-x86_64, r-oldrel-windows-x86_64