Last updated on 2025-07-16 07:49:13 CEST.
Flavor | Version | Tinstall | Tcheck | Ttotal | Status | Flags |
---|---|---|---|---|---|---|
r-devel-linux-x86_64-debian-clang | 0.60-18 | 52.38 | 382.65 | 435.03 | NOTE | |
r-devel-linux-x86_64-debian-gcc | 0.60-18 | 38.08 | 258.82 | 296.90 | NOTE | |
r-devel-linux-x86_64-fedora-clang | 0.60-18 | 699.24 | OK | |||
r-devel-linux-x86_64-fedora-gcc | 0.60-18 | 701.37 | OK | |||
r-devel-windows-x86_64 | 0.60-18 | 61.00 | 151.00 | 212.00 | OK | --no-examples --no-tests --no-vignettes |
r-patched-linux-x86_64 | 0.60-18 | 61.29 | 368.70 | 429.99 | NOTE | |
r-release-linux-x86_64 | 0.60-18 | 58.33 | 361.08 | 419.41 | NOTE | |
r-release-macos-arm64 | 0.60-18 | 269.00 | OK | |||
r-release-macos-x86_64 | 0.60-18 | 499.00 | OK | |||
r-release-windows-x86_64 | 0.60-18 | 64.00 | 151.00 | 215.00 | OK | --no-examples --no-tests --no-vignettes |
r-oldrel-macos-arm64 | 0.60-18 | 180.00 | OK | |||
r-oldrel-macos-x86_64 | 0.60-18 | 402.00 | OK | |||
r-oldrel-windows-x86_64 | 0.60-18 | 83.00 | 139.00 | 222.00 | OK | --no-examples --no-tests --no-vignettes |
Version: 0.60-18
Check: for unstated dependencies in ‘demo’
Result: NOTE
'::' or ':::' import not declared from: ‘crs’
'library' or 'require' call not declared from: ‘crs’
Flavors: r-devel-linux-x86_64-debian-clang, r-devel-linux-x86_64-debian-gcc, r-patched-linux-x86_64, r-release-linux-x86_64