CRAN Package Check Results for Package nord

Last updated on 2025-05-28 00:49:07 CEST.

Flavor Version Tinstall Tcheck Ttotal Status Flags
r-devel-linux-x86_64-debian-clang 1.0.0 4.93 45.55 50.48 OK
r-devel-linux-x86_64-debian-gcc 1.0.0 3.38 33.96 37.34 OK
r-devel-linux-x86_64-fedora-clang 1.0.0 78.64 OK
r-devel-linux-x86_64-fedora-gcc 1.0.0 73.89 OK
r-devel-windows-x86_64 1.0.0 6.00 68.00 74.00 OK
r-patched-linux-x86_64 1.0.0 4.39 42.54 46.93 OK
r-release-linux-x86_64 1.0.0 4.34 42.79 47.13 OK
r-release-macos-arm64 1.0.0 23.00 OK
r-release-macos-x86_64 1.0.0 39.00 OK
r-release-windows-x86_64 1.0.0 6.00 69.00 75.00 OK
r-oldrel-macos-arm64 1.0.0 25.00 NOTE
r-oldrel-macos-x86_64 1.0.0 35.00 NOTE
r-oldrel-windows-x86_64 1.0.0 7.00 79.00 86.00 NOTE

Check Details

Version: 1.0.0
Check: LazyData
Result: NOTE 'LazyData' is specified without a 'data' directory Flavors: r-oldrel-macos-arm64, r-oldrel-macos-x86_64, r-oldrel-windows-x86_64

mirror server hosted at Truenetwork, Russian Federation.