Last updated on 2025-02-21 17:50:49 CET.
Flavor | Version | Tinstall | Tcheck | Ttotal | Status | Flags |
---|---|---|---|---|---|---|
r-devel-linux-x86_64-debian-clang | 0.1.1 | 37.42 | 91.55 | 128.97 | NOTE | |
r-devel-linux-x86_64-debian-gcc | 0.1.1 | 27.20 | 64.07 | 91.27 | NOTE | |
r-devel-linux-x86_64-fedora-clang | 0.1.1 | 211.59 | NOTE | |||
r-devel-linux-x86_64-fedora-gcc | 0.1.1 | 208.36 | NOTE | |||
r-devel-macos-arm64 | 0.1.1 | 55.00 | OK | |||
r-devel-macos-x86_64 | 0.1.1 | 111.00 | NOTE | |||
r-devel-windows-x86_64 | 0.1.1 | 40.00 | 112.00 | 152.00 | NOTE | |
r-patched-linux-x86_64 | 0.1.1 | 39.39 | 85.79 | 125.18 | OK | |
r-release-linux-x86_64 | 0.1.1 | 39.77 | 86.50 | 126.27 | OK | |
r-release-macos-arm64 | 0.1.1 | 210.00 | NOTE | |||
r-release-macos-x86_64 | 0.1.1 | 239.00 | NOTE | |||
r-release-windows-x86_64 | 0.1.1 | 40.00 | 116.00 | 156.00 | OK | |
r-oldrel-macos-arm64 | 0.1.1 | 218.00 | NOTE | |||
r-oldrel-macos-x86_64 | 0.1.1 | 250.00 | NOTE | |||
r-oldrel-windows-x86_64 | 0.1.1 | 50.00 | 144.00 | 194.00 | OK |
Version: 0.1.1
Check: DESCRIPTION meta-information
Result: NOTE
Missing dependency on R >= 4.1.0 because package code uses the pipe
|> or function shorthand \(...) syntax added in R 4.1.0.
File(s) using such syntax:
‘boot_mi.R’ ‘nn.R’ ‘pmm.R’
Flavors: r-devel-linux-x86_64-debian-clang, r-devel-linux-x86_64-debian-gcc, r-devel-linux-x86_64-fedora-clang, r-devel-linux-x86_64-fedora-gcc, r-devel-macos-x86_64, r-devel-windows-x86_64
Version: 0.1.1
Check: installed package size
Result: NOTE
installed size is 5.2Mb
sub-directories of 1Mb or more:
libs 3.2Mb
tinytest 1.6Mb
Flavors: r-release-macos-arm64, r-release-macos-x86_64, r-oldrel-macos-arm64, r-oldrel-macos-x86_64