CRAN Package Check Results for Package nonparaeff

Last updated on 2025-05-27 18:49:56 CEST.

Flavor Version Tinstall Tcheck Ttotal Status Flags
r-devel-linux-x86_64-debian-clang 0.5-13 8.72 66.78 75.50 NOTE
r-devel-linux-x86_64-debian-gcc 0.5-13 5.17 45.31 50.48 NOTE
r-devel-linux-x86_64-fedora-clang 0.5-13 117.40 OK
r-devel-linux-x86_64-fedora-gcc 0.5-13 110.86 OK
r-devel-windows-x86_64 0.5-13 9.00 84.00 93.00 NOTE
r-patched-linux-x86_64 0.5-13 7.94 61.15 69.09 NOTE
r-release-linux-x86_64 0.5-13 5.75 59.96 65.71 NOTE
r-release-macos-arm64 0.5-13 31.00 OK
r-release-macos-x86_64 0.5-13 55.00 OK
r-release-windows-x86_64 0.5-13 12.00 91.00 103.00 NOTE
r-oldrel-macos-arm64 0.5-13 35.00 OK
r-oldrel-macos-x86_64 0.5-13 64.00 OK
r-oldrel-windows-x86_64 0.5-13 14.00 100.00 114.00 OK

Check Details

Version: 0.5-13
Check: CRAN incoming feasibility
Result: NOTE Maintainer: ‘Dong-hyun Oh <oh.donghyun77@gmail.com>’ No Authors@R field in DESCRIPTION. Please add one, modifying Authors@R: c(person(given = "Dong-hyun", family = "Oh", role = c("aut", "cre"), email = "oh.donghyun77@gmail.com"), person(given = "Dukrok", family = "Suh", role = "aut", email = "dukrok@kist.re.kr")) as necessary. Flavors: r-devel-linux-x86_64-debian-clang, r-devel-linux-x86_64-debian-gcc

Version: 0.5-13
Check: Rd cross-references
Result: NOTE Found the following Rd file(s) with Rd \link{} targets missing package anchors: lp2.Rd: lp Please provide package anchors for all Rd \link{} targets not in the package itself and the base packages. Flavors: r-devel-linux-x86_64-debian-clang, r-devel-linux-x86_64-debian-gcc, r-devel-windows-x86_64, r-patched-linux-x86_64, r-release-linux-x86_64, r-release-windows-x86_64

mirror server hosted at Truenetwork, Russian Federation.