Last updated on 2025-11-04 11:52:37 CET.
| Flavor | Version | Tinstall | Tcheck | Ttotal | Status | Flags | 
|---|---|---|---|---|---|---|
| r-devel-linux-x86_64-debian-clang | 0.1.2.1 | 8.75 | 288.31 | 297.06 | NOTE | |
| r-devel-linux-x86_64-debian-gcc | 0.1.2.1 | 6.30 | 236.20 | 242.50 | NOTE | |
| r-devel-linux-x86_64-fedora-clang | 0.1.2.1 | 17.00 | 394.07 | 411.07 | OK | |
| r-devel-linux-x86_64-fedora-gcc | 0.1.2.1 | 18.00 | 464.34 | 482.34 | OK | |
| r-devel-windows-x86_64 | 0.1.2.1 | 11.00 | 329.00 | 340.00 | OK | |
| r-patched-linux-x86_64 | 0.1.2.1 | 7.49 | 334.46 | 341.95 | OK | |
| r-release-linux-x86_64 | 0.1.2.1 | 8.56 | 335.49 | 344.05 | OK | |
| r-release-macos-arm64 | 0.1.2.1 | 5.00 | 193.00 | 198.00 | OK | |
| r-release-macos-x86_64 | 0.1.2.1 | 9.00 | 426.00 | 435.00 | OK | |
| r-release-windows-x86_64 | 0.1.2.1 | 10.00 | 321.00 | 331.00 | OK | |
| r-oldrel-macos-arm64 | 0.1.2.1 | 4.00 | 211.00 | 215.00 | OK | |
| r-oldrel-macos-x86_64 | 0.1.2.1 | 6.00 | 306.00 | 312.00 | OK | |
| r-oldrel-windows-x86_64 | 0.1.2.1 | 13.00 | 488.00 | 501.00 | OK | 
Version: 0.1.2.1
Check: CRAN incoming feasibility
Result: NOTE
  Maintainer: ‘Christina Heinze-Deml <heinzedeml@stat.math.ethz.ch>’
  
  No Authors@R field in DESCRIPTION.
  Please add one, modifying
    Authors@R: c(person(given = "Christina",
                        family = "Heinze-Deml",
                        role = c("aut", "cre"),
                        email = "heinzedeml@stat.math.ethz.ch"),
                 person(given = "Jonas",
                        family = "Peters",
                        role = "aut",
                        email = "jonas.peters@math.ku.dk"))
  as necessary.
  
  Package CITATION file contains call(s) to old-style personList() or
  as.personList().  Please use c() on person objects instead.
  Package CITATION file contains call(s) to old-style citEntry().  Please
  use bibentry() instead.
  
  The Description field contains
    <arXiv:1501.01332>, to nonlinear settings. For more details, see C.
    for Nonlinear Models', <arXiv:1706.08576>.
  Please refer to arXiv e-prints via their arXiv DOI <doi:10.48550/arXiv.YYMM.NNNNN>.
Flavors: r-devel-linux-x86_64-debian-clang, r-devel-linux-x86_64-debian-gcc