Last updated on 2025-11-04 11:52:37 CET.
| Flavor | Version | Tinstall | Tcheck | Ttotal | Status | Flags | 
|---|---|---|---|---|---|---|
| r-devel-linux-x86_64-debian-clang | 0.4.0 | 14.71 | 211.22 | 225.93 | OK | |
| r-devel-linux-x86_64-debian-gcc | 0.4.0 | 10.48 | 163.86 | 174.34 | OK | |
| r-devel-linux-x86_64-fedora-clang | 0.4.0 | 33.00 | 317.88 | 350.88 | NOTE | |
| r-devel-linux-x86_64-fedora-gcc | 0.4.0 | 27.00 | 323.00 | 350.00 | NOTE | |
| r-devel-windows-x86_64 | 0.4.0 | 16.00 | 208.00 | 224.00 | OK | |
| r-patched-linux-x86_64 | 0.4.0 | 13.20 | 192.24 | 205.44 | OK | |
| r-release-linux-x86_64 | 0.4.0 | 13.80 | 203.67 | 217.47 | OK | |
| r-release-macos-arm64 | 0.4.0 | 6.00 | 101.00 | 107.00 | OK | |
| r-release-macos-x86_64 | 0.4.0 | 17.00 | 316.00 | 333.00 | OK | |
| r-release-windows-x86_64 | 0.4.0 | 16.00 | 210.00 | 226.00 | OK | |
| r-oldrel-macos-arm64 | 0.4.0 | 6.00 | 93.00 | 99.00 | OK | |
| r-oldrel-macos-x86_64 | 0.4.0 | 9.00 | 136.00 | 145.00 | OK | |
| r-oldrel-windows-x86_64 | 0.4.0 | 21.00 | 272.00 | 293.00 | OK | 
Version: 0.4.0
Check: dependencies in R code
Result: NOTE
  Namespaces in Imports field not imported from:
    ‘dplyr’ ‘e1071’ ‘pROC’ ‘purrr’ ‘randomForest’ ‘rlang’
    All declared Imports should be used.
Flavors: r-devel-linux-x86_64-fedora-clang, r-devel-linux-x86_64-fedora-gcc