Last updated on 2025-02-21 17:50:49 CET.
Flavor | Version | Tinstall | Tcheck | Ttotal | Status | Flags |
---|---|---|---|---|---|---|
r-devel-linux-x86_64-debian-clang | 0.1.2 | 27.93 | 52.60 | 80.53 | NOTE | |
r-devel-linux-x86_64-debian-gcc | 0.1.2 | 21.02 | 39.88 | 60.90 | NOTE | |
r-devel-linux-x86_64-fedora-clang | 0.1.2 | 140.73 | NOTE | |||
r-devel-linux-x86_64-fedora-gcc | 0.1.2 | 149.38 | NOTE | |||
r-devel-macos-arm64 | 0.1.2 | 47.00 | NOTE | |||
r-devel-macos-x86_64 | 0.1.2 | 106.00 | NOTE | |||
r-devel-windows-x86_64 | 0.1.2 | 32.00 | 90.00 | 122.00 | NOTE | |
r-patched-linux-x86_64 | 0.1.2 | 28.36 | 49.71 | 78.07 | NOTE | |
r-release-linux-x86_64 | 0.1.2 | 28.69 | 49.75 | 78.44 | NOTE | |
r-release-macos-arm64 | 0.1.2 | 60.00 | NOTE | |||
r-release-macos-x86_64 | 0.1.2 | 144.00 | NOTE | |||
r-release-windows-x86_64 | 0.1.2 | 32.00 | 93.00 | 125.00 | NOTE | |
r-oldrel-macos-arm64 | 0.1.2 | 57.00 | NOTE | |||
r-oldrel-macos-x86_64 | 0.1.2 | 135.00 | NOTE | |||
r-oldrel-windows-x86_64 | 0.1.2 | 37.00 | 105.00 | 142.00 | NOTE |
Version: 0.1.2
Check: C++ specification
Result: NOTE
Specified C++14: please drop specification unless essential
Flavors: r-devel-linux-x86_64-debian-clang, r-devel-linux-x86_64-debian-gcc, r-devel-linux-x86_64-fedora-clang, r-devel-linux-x86_64-fedora-gcc, r-devel-macos-arm64, r-devel-macos-x86_64, r-devel-windows-x86_64, r-patched-linux-x86_64, r-release-linux-x86_64, r-release-macos-arm64, r-release-macos-x86_64, r-release-windows-x86_64, r-oldrel-macos-arm64, r-oldrel-macos-x86_64, r-oldrel-windows-x86_64