Last updated on 2025-05-28 00:49:07 CEST.
Flavor | Version | Tinstall | Tcheck | Ttotal | Status | Flags |
---|---|---|---|---|---|---|
r-devel-linux-x86_64-debian-clang | 1.2-4 | 11.36 | 88.50 | 99.86 | OK | |
r-devel-linux-x86_64-debian-gcc | 1.2-4 | 7.76 | 62.15 | 69.91 | OK | |
r-devel-linux-x86_64-fedora-clang | 1.2-4 | 152.92 | OK | |||
r-devel-linux-x86_64-fedora-gcc | 1.2-4 | 156.16 | OK | |||
r-devel-windows-x86_64 | 1.2-4 | 15.00 | 127.00 | 142.00 | OK | |
r-patched-linux-x86_64 | 1.2-2.2 | 13.36 | 81.92 | 95.28 | NOTE | |
r-release-linux-x86_64 | 1.2-2.2 | 11.16 | 81.48 | 92.64 | NOTE | |
r-release-macos-arm64 | 1.2-4 | 43.00 | OK | |||
r-release-macos-x86_64 | 1.2-4 | 176.00 | OK | |||
r-release-windows-x86_64 | 1.2-4 | 11.00 | 119.00 | 130.00 | OK | |
r-oldrel-macos-arm64 | 1.2-4 | 44.00 | OK | |||
r-oldrel-macos-x86_64 | 1.2-4 | 188.00 | OK | |||
r-oldrel-windows-x86_64 | 1.2-2.2 | 16.00 | 118.00 | 134.00 | NOTE |
Version: 1.2-2.2
Check: Rd files
Result: NOTE
checkRd: (-1) Dmean.Rd:62: Escaped LaTeX specials: \&
checkRd: (-1) Dvar.Rd:63: Escaped LaTeX specials: \&
Flavors: r-patched-linux-x86_64, r-release-linux-x86_64, r-oldrel-windows-x86_64