CRAN Package Check Results for Package nlcv

Last updated on 2025-02-22 05:51:45 CET.

Flavor Version Tinstall Tcheck Ttotal Status Flags
r-devel-linux-x86_64-debian-clang 0.3.5 43.29 429.12 472.41 NOTE
r-devel-linux-x86_64-debian-gcc 0.3.5 35.19 308.82 344.01 NOTE
r-devel-linux-x86_64-fedora-clang 0.3.5 826.43 NOTE
r-devel-linux-x86_64-fedora-gcc 0.3.5 788.34 NOTE
r-devel-macos-arm64 0.3.5 186.00 NOTE
r-devel-macos-x86_64 0.3.5 6.00 ERROR
r-devel-windows-x86_64 0.3.5 42.00 368.00 410.00 NOTE
r-patched-linux-x86_64 0.3.5 50.51 389.51 440.02 NOTE
r-release-linux-x86_64 0.3.5 37.16 391.21 428.37 NOTE
r-release-macos-arm64 0.3.5 184.00 NOTE
r-release-macos-x86_64 0.3.5 291.00 NOTE
r-release-windows-x86_64 0.3.5 43.00 367.00 410.00 NOTE
r-oldrel-macos-arm64 0.3.5 190.00 OK
r-oldrel-macos-x86_64 0.3.5 436.00 OK
r-oldrel-windows-x86_64 0.3.5 54.00 468.00 522.00 OK

Check Details

Version: 0.3.5
Check: Rd files
Result: NOTE checkRd: (-1) mcrPlot.Rd:42-44: Lost braces in \itemize; \value handles \item{}{} directly checkRd: (-1) mcrPlot.Rd:45-47: Lost braces in \itemize; \value handles \item{}{} directly Flavors: r-devel-linux-x86_64-debian-clang, r-devel-linux-x86_64-debian-gcc, r-devel-linux-x86_64-fedora-clang, r-devel-linux-x86_64-fedora-gcc, r-devel-macos-arm64, r-devel-windows-x86_64, r-patched-linux-x86_64, r-release-linux-x86_64, r-release-macos-arm64, r-release-macos-x86_64, r-release-windows-x86_64

Version: 0.3.5
Check: Rd cross-references
Result: NOTE Found the following Rd file(s) with Rd \link{} targets missing package anchors: predict.pamrML.Rd: pamr.predict xtable.confusionMatrix.Rd: confusionMatrix Please provide package anchors for all Rd \link{} targets not in the package itself and the base packages. Flavors: r-devel-linux-x86_64-debian-clang, r-devel-linux-x86_64-debian-gcc, r-devel-windows-x86_64

Version: 0.3.5
Check: package dependencies
Result: ERROR Package required but not available: ‘MLInterfaces’ See section ‘The DESCRIPTION file’ in the ‘Writing R Extensions’ manual. Flavor: r-devel-macos-x86_64

mirror server hosted at Truenetwork, Russian Federation.