Last updated on 2025-05-26 00:48:38 CEST.
Flavor | Version | Tinstall | Tcheck | Ttotal | Status | Flags |
---|---|---|---|---|---|---|
r-devel-linux-x86_64-debian-clang | 1.0.3 | 7.31 | 148.47 | 155.78 | NOTE | |
r-devel-linux-x86_64-debian-gcc | 1.0.3 | 5.82 | 119.05 | 124.87 | NOTE | |
r-devel-linux-x86_64-fedora-clang | 1.0.3 | 248.87 | OK | |||
r-devel-linux-x86_64-fedora-gcc | 1.0.3 | 274.86 | OK | |||
r-devel-windows-x86_64 | 1.0.3 | 9.00 | 171.00 | 180.00 | OK | |
r-patched-linux-x86_64 | 1.0.3 | 7.42 | 150.12 | 157.54 | OK | |
r-release-linux-x86_64 | 1.0.3 | 7.64 | 149.48 | 157.12 | OK | |
r-release-macos-arm64 | 1.0.3 | 89.00 | OK | |||
r-release-macos-x86_64 | 1.0.3 | 144.00 | OK | |||
r-release-windows-x86_64 | 1.0.3 | 10.00 | 169.00 | 179.00 | OK | |
r-oldrel-macos-arm64 | 1.0.3 | 74.00 | OK | |||
r-oldrel-macos-x86_64 | 1.0.3 | 213.00 | OK | |||
r-oldrel-windows-x86_64 | 1.0.3 | 12.00 | 204.00 | 216.00 | OK |
Version: 1.0.3
Check: CRAN incoming feasibility
Result: NOTE
Maintainer: ‘David Pleydell <david.pleydell@inrae.fr>’
No Authors@R field in DESCRIPTION.
Please add one, modifying
Authors@R: person(given = "David",
family = "Pleydell",
role = c("aut", "cre", "cph"),
email = "david.pleydell@inrae.fr",
comment = c("Package developer", ORCID = "0000-0002-6450-1475"))
as necessary.
Flavors: r-devel-linux-x86_64-debian-clang, r-devel-linux-x86_64-debian-gcc