Last updated on 2025-11-04 05:51:18 CET.
| Flavor | Version | Tinstall | Tcheck | Ttotal | Status | Flags | 
|---|---|---|---|---|---|---|
| r-devel-linux-x86_64-debian-clang | 1.1.0 | 9.76 | 192.20 | 201.96 | NOTE | |
| r-devel-linux-x86_64-debian-gcc | 1.1.0 | 6.92 | 112.37 | 119.29 | NOTE | |
| r-devel-linux-x86_64-fedora-clang | 1.1.0 | 17.00 | 332.05 | 349.05 | NOTE | |
| r-devel-linux-x86_64-fedora-gcc | 1.1.0 | 24.00 | 313.84 | 337.84 | NOTE | |
| r-devel-windows-x86_64 | 1.1.0 | 14.00 | 185.00 | 199.00 | NOTE | |
| r-patched-linux-x86_64 | 1.1.0 | 9.92 | 179.32 | 189.24 | NOTE | |
| r-release-linux-x86_64 | 1.1.0 | 9.78 | 182.65 | 192.43 | NOTE | |
| r-release-macos-arm64 | 1.1.0 | 6.00 | 78.00 | 84.00 | NOTE | |
| r-release-macos-x86_64 | 1.1.0 | 11.00 | 181.00 | 192.00 | NOTE | |
| r-release-windows-x86_64 | 1.1.0 | 13.00 | 190.00 | 203.00 | NOTE | |
| r-oldrel-macos-arm64 | 1.1.0 | 6.00 | 64.00 | 70.00 | NOTE | |
| r-oldrel-macos-x86_64 | 1.1.0 | 10.00 | 120.00 | 130.00 | NOTE | |
| r-oldrel-windows-x86_64 | 1.1.0 | 13.00 | 261.00 | 274.00 | NOTE | 
Version: 1.1.0
Check: Rd files
Result: NOTE
  checkRd: (-1) bootstrap_param_est.Rd:52: Lost braces in \itemize; meant \describe ?
  checkRd: (-1) bootstrap_param_est.Rd:53: Lost braces in \itemize; meant \describe ?
  checkRd: (-1) bootstrap_param_est.Rd:54: Lost braces in \itemize; meant \describe ?
  checkRd: (-1) get_emission.Rd:25: Lost braces in \itemize; meant \describe ?
  checkRd: (-1) get_emission.Rd:26: Lost braces in \itemize; meant \describe ?
  checkRd: (-1) get_emission.Rd:27: Lost braces in \itemize; meant \describe ?
  checkRd: (-1) impute.Rd:51: Lost braces in \itemize; meant \describe ?
  checkRd: (-1) impute.Rd:52: Lost braces in \itemize; meant \describe ?
  checkRd: (-1) impute.Rd:53: Lost braces in \itemize; meant \describe ?
  checkRd: (-1) impute_ref.Rd:54: Lost braces in \itemize; meant \describe ?
  checkRd: (-1) impute_ref.Rd:55: Lost braces in \itemize; meant \describe ?
  checkRd: (-1) impute_ref.Rd:56: Lost braces in \itemize; meant \describe ?
  checkRd: (-1) sim_data.Rd:42: Lost braces in \itemize; \value handles \item{}{} directly
  checkRd: (-1) sim_data.Rd:43: Lost braces in \itemize; \value handles \item{}{} directly
  checkRd: (-1) sim_data.Rd:44: Lost braces in \itemize; \value handles \item{}{} directly
Flavors: r-devel-linux-x86_64-debian-clang, r-devel-linux-x86_64-debian-gcc, r-devel-linux-x86_64-fedora-clang, r-devel-linux-x86_64-fedora-gcc, r-devel-windows-x86_64, r-patched-linux-x86_64, r-release-linux-x86_64, r-release-macos-arm64, r-release-macos-x86_64, r-release-windows-x86_64, r-oldrel-macos-arm64, r-oldrel-macos-x86_64, r-oldrel-windows-x86_64