CRAN Package Check Results for Package nftbart

Last updated on 2025-05-22 18:52:12 CEST.

Flavor Version Tinstall Tcheck Ttotal Status Flags
r-devel-linux-x86_64-debian-clang 2.1 27.16 68.71 95.87 NOTE
r-devel-linux-x86_64-debian-gcc 2.1 21.38 49.15 70.53 NOTE
r-devel-linux-x86_64-fedora-clang 2.1 145.44 NOTE
r-devel-linux-x86_64-fedora-gcc 2.1 158.93 NOTE
r-devel-windows-x86_64 2.1 31.00 132.00 163.00 NOTE
r-patched-linux-x86_64 2.1 30.43 64.62 95.05 NOTE
r-release-linux-x86_64 2.1 27.63 65.50 93.13 NOTE
r-release-macos-arm64 2.1 50.00 NOTE
r-release-macos-x86_64 2.1 91.00 NOTE
r-release-windows-x86_64 2.1 29.00 150.00 179.00 NOTE
r-oldrel-macos-arm64 2.1 45.00 NOTE
r-oldrel-macos-x86_64 2.1 66.00 NOTE
r-oldrel-windows-x86_64 2.1 34.00 122.00 156.00 NOTE

Check Details

Version: 2.1
Check: C++ specification
Result: NOTE Specified C++14: please drop specification unless essential Flavors: r-devel-linux-x86_64-debian-clang, r-devel-linux-x86_64-debian-gcc, r-devel-linux-x86_64-fedora-clang, r-devel-linux-x86_64-fedora-gcc, r-devel-windows-x86_64, r-patched-linux-x86_64, r-release-linux-x86_64, r-release-macos-arm64, r-release-macos-x86_64, r-release-windows-x86_64, r-oldrel-macos-arm64, r-oldrel-macos-x86_64, r-oldrel-windows-x86_64

Version: 2.1
Check: for unstated dependencies in ‘demo’
Result: NOTE 'library' or 'require' call not declared from: ‘lattice’ Flavors: r-devel-linux-x86_64-debian-clang, r-devel-linux-x86_64-debian-gcc, r-patched-linux-x86_64, r-release-linux-x86_64

mirror server hosted at Truenetwork, Russian Federation.