Last updated on 2025-11-04 05:51:18 CET.
| Flavor | Version | Tinstall | Tcheck | Ttotal | Status | Flags | 
|---|---|---|---|---|---|---|
| r-devel-linux-x86_64-debian-clang | 0.1.1 | 4.85 | 46.90 | 51.75 | OK | |
| r-devel-linux-x86_64-debian-gcc | 0.1.1 | 3.54 | 34.71 | 38.25 | OK | |
| r-devel-linux-x86_64-fedora-clang | 0.1.1 | 12.00 | 66.62 | 78.62 | NOTE | |
| r-devel-linux-x86_64-fedora-gcc | 0.1.1 | 88.08 | NOTE | |||
| r-devel-windows-x86_64 | 0.1.1 | 7.00 | 67.00 | 74.00 | OK | |
| r-patched-linux-x86_64 | 0.1.1 | 5.02 | 43.72 | 48.74 | OK | |
| r-release-linux-x86_64 | 0.1.1 | 4.32 | 43.91 | 48.23 | OK | |
| r-release-macos-arm64 | 0.1.1 | 3.00 | 43.00 | 46.00 | OK | |
| r-release-macos-x86_64 | 0.1.1 | 7.00 | 97.00 | 104.00 | OK | |
| r-release-windows-x86_64 | 0.1.1 | 6.00 | 65.00 | 71.00 | OK | |
| r-oldrel-macos-arm64 | 0.1.1 | 2.00 | 37.00 | 39.00 | OK | |
| r-oldrel-macos-x86_64 | 0.1.1 | 6.00 | 78.00 | 84.00 | OK | |
| r-oldrel-windows-x86_64 | 0.1.1 | 11.00 | 76.00 | 87.00 | OK | 
Version: 0.1.1
Check: dependencies in R code
Result: NOTE
  Namespaces in Imports field not imported from:
    ‘devtools’ ‘xml2’
    All declared Imports should be used.
Flavors: r-devel-linux-x86_64-fedora-clang, r-devel-linux-x86_64-fedora-gcc