CRAN Package Check Results for Package newsanchor

Last updated on 2025-07-16 07:49:13 CEST.

Flavor Version Tinstall Tcheck Ttotal Status Flags
r-devel-linux-x86_64-debian-clang 0.1.1 5.37 45.59 50.96 OK
r-devel-linux-x86_64-debian-gcc 0.1.1 3.26 34.19 37.45 OK
r-devel-linux-x86_64-fedora-clang 0.1.1 83.58 NOTE
r-devel-linux-x86_64-fedora-gcc 0.1.1 90.87 NOTE
r-devel-windows-x86_64 0.1.1 8.00 66.00 74.00 OK
r-patched-linux-x86_64 0.1.1 4.26 41.85 46.11 OK
r-release-linux-x86_64 0.1.1 4.69 42.53 47.22 OK
r-release-macos-arm64 0.1.1 46.00 OK
r-release-macos-x86_64 0.1.1 104.00 OK
r-release-windows-x86_64 0.1.1 7.00 83.00 90.00 OK
r-oldrel-macos-arm64 0.1.1 39.00 OK
r-oldrel-macos-x86_64 0.1.1 84.00 OK
r-oldrel-windows-x86_64 0.1.1 9.00 77.00 86.00 OK

Check Details

Version: 0.1.1
Check: dependencies in R code
Result: NOTE Namespaces in Imports field not imported from: ‘devtools’ ‘xml2’ All declared Imports should be used. Flavors: r-devel-linux-x86_64-fedora-clang, r-devel-linux-x86_64-fedora-gcc

mirror server hosted at Truenetwork, Russian Federation.