Last updated on 2025-02-21 17:50:49 CET.
Flavor | Version | Tinstall | Tcheck | Ttotal | Status | Flags |
---|---|---|---|---|---|---|
r-devel-linux-x86_64-debian-clang | 0.2.0 | 52.84 | 67.50 | 120.34 | NOTE | |
r-devel-linux-x86_64-debian-gcc | 0.2.0 | 37.69 | 47.59 | 85.28 | NOTE | |
r-devel-linux-x86_64-fedora-clang | 0.2.0 | 231.78 | NOTE | |||
r-devel-linux-x86_64-fedora-gcc | 0.2.0 | 216.08 | NOTE | |||
r-devel-macos-arm64 | 0.2.0 | 60.00 | OK | |||
r-devel-macos-x86_64 | 0.2.0 | 97.00 | NOTE | |||
r-devel-windows-x86_64 | 0.2.0 | 62.00 | 104.00 | 166.00 | NOTE | |
r-patched-linux-x86_64 | 0.2.0 | 51.35 | 62.90 | 114.25 | OK | |
r-release-linux-x86_64 | 0.2.0 | 50.18 | 63.17 | 113.35 | OK | |
r-release-macos-arm64 | 0.2.0 | 64.00 | OK | |||
r-release-macos-x86_64 | 0.2.0 | 131.00 | OK | |||
r-release-windows-x86_64 | 0.2.0 | 62.00 | 106.00 | 168.00 | OK | |
r-oldrel-macos-arm64 | 0.2.0 | 66.00 | OK | |||
r-oldrel-macos-x86_64 | 0.2.0 | 100.00 | OK | |||
r-oldrel-windows-x86_64 | 0.2.0 | 74.00 | 123.00 | 197.00 | OK |
Version: 0.2.0
Check: DESCRIPTION meta-information
Result: NOTE
Missing dependency on R >= 4.1.0 because package code uses the pipe
|> or function shorthand \(...) syntax added in R 4.1.0.
File(s) using such syntax:
‘visualizations.R’
Flavors: r-devel-linux-x86_64-debian-clang, r-devel-linux-x86_64-debian-gcc, r-devel-linux-x86_64-fedora-clang, r-devel-linux-x86_64-fedora-gcc, r-devel-macos-x86_64, r-devel-windows-x86_64