Last updated on 2025-07-13 06:48:31 CEST.
Flavor | Version | Tinstall | Tcheck | Ttotal | Status | Flags |
---|---|---|---|---|---|---|
r-devel-linux-x86_64-debian-clang | 0.3.1 | 7.72 | 62.43 | 70.15 | NOTE | |
r-devel-linux-x86_64-debian-gcc | 0.3.1 | 6.05 | 45.63 | 51.68 | NOTE | |
r-devel-linux-x86_64-fedora-clang | 0.3.1 | 104.28 | OK | |||
r-devel-linux-x86_64-fedora-gcc | 0.3.1 | 97.59 | OK | |||
r-devel-windows-x86_64 | 0.3.1 | 10.00 | 72.00 | 82.00 | OK | |
r-patched-linux-x86_64 | 0.3.1 | 7.83 | 57.17 | 65.00 | OK | |
r-release-linux-x86_64 | 0.3.1 | 7.04 | 57.09 | 64.13 | OK | |
r-release-macos-arm64 | 0.3.1 | 54.00 | OK | |||
r-release-macos-x86_64 | 0.3.1 | 58.00 | OK | |||
r-release-windows-x86_64 | 0.3.1 | 10.00 | 76.00 | 86.00 | OK | |
r-oldrel-macos-arm64 | 0.3.1 | 34.00 | OK | |||
r-oldrel-macos-x86_64 | 0.3.1 | 47.00 | OK | |||
r-oldrel-windows-x86_64 | 0.3.1 | 13.00 | 87.00 | 100.00 | OK |
Version: 0.3.1
Check: CRAN incoming feasibility
Result: NOTE
Maintainer: ‘Joseph Stachelek <stachel2@msu.edu>’
Package CITATION file contains call(s) to old-style personList() or
as.personList(). Please use c() on person objects instead.
Package CITATION file contains call(s) to old-style citEntry(). Please
use bibentry() instead.
Flavors: r-devel-linux-x86_64-debian-clang, r-devel-linux-x86_64-debian-gcc