Last updated on 2025-11-04 05:51:17 CET.
| Flavor | Version | Tinstall | Tcheck | Ttotal | Status | Flags | 
|---|---|---|---|---|---|---|
| r-devel-linux-x86_64-debian-clang | 1.3 | 9.29 | 73.56 | 82.85 | NOTE | |
| r-devel-linux-x86_64-debian-gcc | 1.3 | 5.75 | 49.74 | 55.49 | NOTE | |
| r-devel-linux-x86_64-fedora-clang | 1.3 | 20.00 | 106.25 | 126.25 | OK | |
| r-devel-linux-x86_64-fedora-gcc | 1.3 | 20.00 | 98.65 | 118.65 | OK | |
| r-devel-windows-x86_64 | 1.3 | 11.00 | 81.00 | 92.00 | OK | |
| r-patched-linux-x86_64 | 1.3 | 9.40 | 68.90 | 78.30 | OK | |
| r-release-linux-x86_64 | 1.3 | 6.42 | 69.23 | 75.65 | OK | |
| r-release-macos-arm64 | 1.3 | 4.00 | 47.00 | 51.00 | OK | |
| r-release-macos-x86_64 | 1.3 | 7.00 | 50.00 | 57.00 | OK | |
| r-release-windows-x86_64 | 1.3 | 11.00 | 79.00 | 90.00 | OK | |
| r-oldrel-macos-arm64 | 1.3 | 4.00 | 30.00 | 34.00 | OK | |
| r-oldrel-macos-x86_64 | 1.3 | 6.00 | 40.00 | 46.00 | OK | |
| r-oldrel-windows-x86_64 | 1.3 | 15.00 | 100.00 | 115.00 | OK | 
Version: 1.3
Check: CRAN incoming feasibility
Result: NOTE
  Maintainer: ‘Joseph Rigdon <jrigdon@wakehealth.edu>’
  
  No Authors@R field in DESCRIPTION.
  Please add one, modifying
    Authors@R: person(given = "Joseph",
                      family = "Rigdon",
                      role = c("aut", "cre"),
                      email = "jrigdon@wakehealth.edu")
  as necessary.
Flavors: r-devel-linux-x86_64-debian-clang, r-devel-linux-x86_64-debian-gcc