Last updated on 2025-02-22 11:51:36 CET.
Flavor | Version | Tinstall | Tcheck | Ttotal | Status | Flags |
---|---|---|---|---|---|---|
r-devel-linux-x86_64-debian-clang | 0.9.0 | 17.80 | 23.97 | 41.77 | OK | |
r-devel-linux-x86_64-debian-gcc | 0.9.0 | 13.40 | 19.00 | 32.40 | OK | |
r-devel-linux-x86_64-fedora-clang | 0.9.0 | 70.86 | OK | |||
r-devel-linux-x86_64-fedora-gcc | 0.9.0 | 69.29 | OK | |||
r-devel-macos-arm64 | 0.9.0 | 25.00 | OK | |||
r-devel-macos-x86_64 | 0.9.0 | 41.00 | OK | |||
r-devel-windows-x86_64 | 0.9.0 | 19.00 | 67.00 | 86.00 | NOTE | |
r-patched-linux-x86_64 | 0.9.0 | 17.75 | 22.65 | 40.40 | OK | |
r-release-linux-x86_64 | 0.9.0 | 17.22 | 22.80 | 40.02 | OK | |
r-release-macos-arm64 | 0.9.0 | 25.00 | OK | |||
r-release-macos-x86_64 | 0.9.0 | 37.00 | OK | |||
r-release-windows-x86_64 | 0.9.0 | 20.00 | 66.00 | 86.00 | NOTE | |
r-oldrel-macos-arm64 | 0.9.0 | 28.00 | OK | |||
r-oldrel-macos-x86_64 | 0.9.0 | 42.00 | OK | |||
r-oldrel-windows-x86_64 | 0.9.0 | 25.00 | 74.00 | 99.00 | NOTE |
Version: 0.9.0
Check: C++ specification
Result: NOTE
Specified C++14: please drop specification unless essential
Flavors: r-devel-windows-x86_64, r-release-windows-x86_64, r-oldrel-windows-x86_64