Last updated on 2025-05-28 00:49:07 CEST.
Flavor | Version | Tinstall | Tcheck | Ttotal | Status | Flags |
---|---|---|---|---|---|---|
r-devel-linux-x86_64-debian-clang | 0.1.5 | 16.02 | 120.51 | 136.53 | NOTE | |
r-devel-linux-x86_64-debian-gcc | 0.1.5 | 11.33 | 88.86 | 100.19 | NOTE | |
r-devel-linux-x86_64-fedora-clang | 0.1.5 | 205.75 | OK | |||
r-devel-linux-x86_64-fedora-gcc | 0.1.5 | 215.55 | OK | |||
r-devel-windows-x86_64 | 0.1.5 | 16.00 | 121.00 | 137.00 | NOTE | |
r-patched-linux-x86_64 | 0.1.5 | 15.48 | 110.58 | 126.06 | NOTE | |
r-release-linux-x86_64 | 0.1.5 | 13.47 | 112.11 | 125.58 | NOTE | |
r-release-macos-arm64 | 0.1.5 | 63.00 | OK | |||
r-release-macos-x86_64 | 0.1.5 | 122.00 | OK | |||
r-release-windows-x86_64 | 0.1.5 | 15.00 | 123.00 | 138.00 | NOTE | |
r-oldrel-macos-arm64 | 0.1.5 | 61.00 | OK | |||
r-oldrel-macos-x86_64 | 0.1.5 | 89.00 | OK | |||
r-oldrel-windows-x86_64 | 0.1.5 | 21.00 | 150.00 | 171.00 | OK |
Version: 0.1.5
Check: Rd cross-references
Result: NOTE
Found the following Rd file(s) with Rd \link{} targets missing package
anchors:
ndi-package.Rd: tidycensus, psych, sf, Matrix
Please provide package anchors for all Rd \link{} targets not in the
package itself and the base packages.
Flavors: r-devel-linux-x86_64-debian-clang, r-devel-linux-x86_64-debian-gcc, r-devel-windows-x86_64, r-patched-linux-x86_64, r-release-linux-x86_64, r-release-windows-x86_64