Last updated on 2025-11-04 05:51:17 CET.
| Flavor | Version | Tinstall | Tcheck | Ttotal | Status | Flags | 
|---|---|---|---|---|---|---|
| r-devel-linux-x86_64-debian-clang | 1.24 | 8.87 | 36.17 | 45.04 | OK | |
| r-devel-linux-x86_64-debian-gcc | 1.24 | 5.75 | 26.38 | 32.13 | OK | |
| r-devel-linux-x86_64-fedora-clang | 1.24 | 19.00 | 49.51 | 68.51 | OK | |
| r-devel-linux-x86_64-fedora-gcc | 1.24 | 17.00 | 48.04 | 65.04 | OK | |
| r-devel-windows-x86_64 | 1.24 | 15.00 | 168.00 | 183.00 | OK | |
| r-patched-linux-x86_64 | 1.24 | 7.43 | 34.57 | 42.00 | OK | |
| r-release-linux-x86_64 | 1.24 | 7.83 | 34.58 | 42.41 | OK | |
| r-release-macos-arm64 | 1.24 | 10.00 | 22.00 | 32.00 | OK | |
| r-release-macos-x86_64 | 1.24 | 14.00 | 29.00 | 43.00 | OK | |
| r-release-windows-x86_64 | 1.24 | 16.00 | 175.00 | 191.00 | OK | |
| r-oldrel-macos-arm64 | 1.24 | 7.00 | 18.00 | 25.00 | NOTE | |
| r-oldrel-macos-x86_64 | 1.24 | 17.00 | 35.00 | 52.00 | NOTE | |
| r-oldrel-windows-x86_64 | 1.24 | 19.00 | 168.00 | 187.00 | NOTE | 
Version: 1.24
Check: installed package size
Result: NOTE
    installed size is  5.9Mb
    sub-directories of 1Mb or more:
      libs   5.6Mb
Flavors: r-oldrel-macos-arm64, r-oldrel-macos-x86_64, r-oldrel-windows-x86_64