CRAN Package Check Results for Package naspaclust

Last updated on 2025-05-27 18:49:55 CEST.

Flavor Version Tinstall Tcheck Ttotal Status Flags
r-devel-linux-x86_64-debian-clang 0.2.2 4.88 47.32 52.20 OK
r-devel-linux-x86_64-debian-gcc 0.2.2 3.51 33.07 36.58 OK
r-devel-linux-x86_64-fedora-clang 0.2.2 87.47 NOTE
r-devel-linux-x86_64-fedora-gcc 0.2.2 80.19 NOTE
r-devel-windows-x86_64 0.2.2 6.00 67.00 73.00 OK
r-patched-linux-x86_64 0.2.1 5.29 44.72 50.01 NOTE
r-release-linux-x86_64 0.2.2 4.57 44.71 49.28 OK
r-release-macos-arm64 0.2.2 25.00 OK
r-release-macos-x86_64 0.2.2 40.00 OK
r-release-windows-x86_64 0.2.2 6.00 67.00 73.00 OK
r-oldrel-macos-arm64 0.2.2 29.00 OK
r-oldrel-macos-x86_64 0.2.2 54.00 OK
r-oldrel-windows-x86_64 0.2.2 9.00 78.00 87.00 OK

Check Details

Version: 0.2.2
Check: dependencies in R code
Result: NOTE Namespace in Imports field not imported from: ‘Rdpack’ All declared Imports should be used. Flavors: r-devel-linux-x86_64-fedora-clang, r-devel-linux-x86_64-fedora-gcc

Version: 0.2.1
Check: Rd cross-references
Result: NOTE Found the following Rd file(s) with Rd \link{} targets missing package anchors: abcfgwc.Rd: cdist fgwc.Rd: cdist fgwcuv.Rd: cdist fpafgwc.Rd: cdist gsafgwc.Rd: cdist hhofgwc.Rd: cdist ifafgwc.Rd: cdist psofgwc.Rd: cdist tlbofgwc.Rd: cdist Please provide package anchors for all Rd \link{} targets not in the package itself and the base packages. Flavor: r-patched-linux-x86_64

mirror server hosted at Truenetwork, Russian Federation.