Last updated on 2024-06-16 12:57:13 CEST.
Flavor | Version | Tinstall | Tcheck | Ttotal | Status | Flags |
---|---|---|---|---|---|---|
r-devel-linux-x86_64-debian-clang | 2.18.0 | 31.56 | 94.42 | 125.98 | NOTE | |
r-devel-linux-x86_64-debian-gcc | 2.18.0 | 21.66 | 68.77 | 90.43 | NOTE | |
r-devel-linux-x86_64-fedora-clang | 2.18.0 | 179.31 | NOTE | |||
r-devel-linux-x86_64-fedora-gcc | 2.18.0 | 150.91 | NOTE | |||
r-devel-windows-x86_64 | 2.18.0 | 31.00 | 99.00 | 130.00 | NOTE | |
r-patched-linux-x86_64 | 2.18.0 | 28.48 | 88.60 | 117.08 | NOTE | |
r-release-linux-x86_64 | 2.18.0 | 26.30 | 87.77 | 114.07 | NOTE | |
r-release-macos-arm64 | 2.18.0 | 45.00 | NOTE | |||
r-release-macos-x86_64 | 2.18.0 | 59.00 | NOTE | |||
r-release-windows-x86_64 | 2.18.0 | 32.00 | 101.00 | 133.00 | NOTE | |
r-oldrel-macos-arm64 | 2.18.0 | 62.00 | NOTE | |||
r-oldrel-macos-x86_64 | 2.18.0 | 116.00 | NOTE | |||
r-oldrel-windows-x86_64 | 2.18.0 | 31.00 | 132.00 | 163.00 | NOTE |
Version: 2.18.0
Check: package dependencies
Result: NOTE
Package which this enhances but not available for checking: ‘asreml’
Flavors: r-devel-linux-x86_64-debian-clang, r-devel-linux-x86_64-debian-gcc, r-devel-linux-x86_64-fedora-clang, r-devel-linux-x86_64-fedora-gcc, r-devel-windows-x86_64, r-patched-linux-x86_64, r-release-linux-x86_64, r-release-macos-arm64, r-release-macos-x86_64, r-release-windows-x86_64, r-oldrel-macos-arm64, r-oldrel-macos-x86_64, r-oldrel-windows-x86_64