Last updated on 2025-11-04 11:52:36 CET.
| Flavor | Version | Tinstall | Tcheck | Ttotal | Status | Flags | 
|---|---|---|---|---|---|---|
| r-devel-linux-x86_64-debian-clang | 2.18.0 | 23.91 | 79.51 | 103.42 | OK | |
| r-devel-linux-x86_64-debian-gcc | 2.18.0 | 15.57 | 57.52 | 73.09 | OK | |
| r-devel-linux-x86_64-fedora-clang | 2.18.0 | 69.00 | 107.15 | 176.15 | OK | |
| r-devel-linux-x86_64-fedora-gcc | 2.18.0 | 47.00 | 99.41 | 146.41 | OK | |
| r-devel-windows-x86_64 | 2.18.0 | 34.00 | 99.00 | 133.00 | OK | |
| r-patched-linux-x86_64 | 2.18.0 | 23.16 | 73.39 | 96.55 | OK | |
| r-release-linux-x86_64 | 2.18.0 | 21.19 | 73.57 | 94.76 | OK | |
| r-release-macos-arm64 | 2.18.0 | 12.00 | 37.00 | 49.00 | OK | |
| r-release-macos-x86_64 | 2.18.0 | 18.00 | 65.00 | 83.00 | OK | |
| r-release-windows-x86_64 | 2.18.0 | 34.00 | 98.00 | 132.00 | OK | |
| r-oldrel-macos-arm64 | 2.18.0 | 11.00 | 34.00 | 45.00 | NOTE | |
| r-oldrel-macos-x86_64 | 2.18.0 | 12.00 | 47.00 | 59.00 | NOTE | |
| r-oldrel-windows-x86_64 | 2.18.0 | 41.00 | 124.00 | 165.00 | NOTE | 
Version: 2.18.0
Check: package dependencies
Result: NOTE
  Package which this enhances but not available for checking: ‘asreml’
Flavors: r-oldrel-macos-arm64, r-oldrel-macos-x86_64, r-oldrel-windows-x86_64