Last updated on 2025-05-28 00:49:07 CEST.
Flavor | Version | Tinstall | Tcheck | Ttotal | Status | Flags |
---|---|---|---|---|---|---|
r-devel-linux-x86_64-debian-clang | 2.18.0 | 25.78 | 75.94 | 101.72 | OK | |
r-devel-linux-x86_64-debian-gcc | 2.18.0 | 16.00 | 55.61 | 71.61 | OK | |
r-devel-linux-x86_64-fedora-clang | 2.18.0 | 192.16 | OK | |||
r-devel-linux-x86_64-fedora-gcc | 2.18.0 | 147.47 | OK | |||
r-devel-windows-x86_64 | 2.18.0 | 36.00 | 101.00 | 137.00 | OK | |
r-patched-linux-x86_64 | 2.18.0 | 24.32 | 71.29 | 95.61 | OK | |
r-release-linux-x86_64 | 2.18.0 | 21.08 | 70.42 | 91.50 | OK | |
r-release-macos-arm64 | 2.18.0 | 49.00 | OK | |||
r-release-macos-x86_64 | 2.18.0 | 83.00 | OK | |||
r-release-windows-x86_64 | 2.18.0 | 34.00 | 107.00 | 141.00 | OK | |
r-oldrel-macos-arm64 | 2.18.0 | 45.00 | NOTE | |||
r-oldrel-macos-x86_64 | 2.18.0 | 59.00 | NOTE | |||
r-oldrel-windows-x86_64 | 2.18.0 | 40.00 | 117.00 | 157.00 | NOTE |
Version: 2.18.0
Check: package dependencies
Result: NOTE
Package which this enhances but not available for checking: ‘asreml’
Flavors: r-oldrel-macos-arm64, r-oldrel-macos-x86_64, r-oldrel-windows-x86_64