CRAN Package Check Results for Package mycor

Last updated on 2025-07-15 00:50:08 CEST.

Flavor Version Tinstall Tcheck Ttotal Status Flags
r-devel-linux-x86_64-debian-clang 0.1.1 1.89 25.94 27.83 OK
r-devel-linux-x86_64-debian-gcc 0.1.1 1.37 20.63 22.00 OK
r-devel-linux-x86_64-fedora-clang 0.1.1 43.77 OK
r-devel-linux-x86_64-fedora-gcc 0.1.1 61.11 OK
r-devel-windows-x86_64 0.1.1 3.00 47.00 50.00 OK
r-patched-linux-x86_64 0.1.1 2.06 23.92 25.98 OK
r-release-linux-x86_64 0.1.1 1.94 23.43 25.37 OK
r-release-macos-arm64 0.1.1 33.00 OK
r-release-macos-x86_64 0.1.1 64.00 OK
r-release-windows-x86_64 0.1.1 4.00 59.00 63.00 OK
r-oldrel-macos-arm64 0.1.1 28.00 NOTE
r-oldrel-macos-x86_64 0.1.1 61.00 NOTE
r-oldrel-windows-x86_64 0.1.1 3.00 52.00 55.00 NOTE

Check Details

Version: 0.1.1
Check: LazyData
Result: NOTE 'LazyData' is specified without a 'data' directory Flavors: r-oldrel-macos-arm64, r-oldrel-macos-x86_64, r-oldrel-windows-x86_64

mirror server hosted at Truenetwork, Russian Federation.