Last updated on 2025-11-04 05:51:17 CET.
| Flavor | Version | Tinstall | Tcheck | Ttotal | Status | Flags | 
|---|---|---|---|---|---|---|
| r-devel-linux-x86_64-debian-clang | 0.1.1 | 8.74 | 80.30 | 89.04 | OK | |
| r-devel-linux-x86_64-debian-gcc | 0.1.1 | 5.05 | 59.40 | 64.45 | OK | |
| r-devel-linux-x86_64-fedora-clang | 0.1.1 | 34.00 | 107.96 | 141.96 | OK | |
| r-devel-linux-x86_64-fedora-gcc | 0.1.1 | 16.00 | 126.94 | 142.94 | OK | |
| r-devel-windows-x86_64 | 0.1.1 | 9.00 | 81.00 | 90.00 | OK | |
| r-patched-linux-x86_64 | 0.1.1 | 8.40 | 76.35 | 84.75 | OK | |
| r-release-linux-x86_64 | 0.1.1 | 0.27 | 1.95 | 2.22 | ERROR | |
| r-release-macos-arm64 | 0.1.1 | 3.00 | 33.00 | 36.00 | OK | |
| r-release-macos-x86_64 | 0.1.1 | 8.00 | 72.00 | 80.00 | OK | |
| r-release-windows-x86_64 | 0.1.1 | 10.00 | 84.00 | 94.00 | OK | |
| r-oldrel-macos-arm64 | 0.1.1 | 3.00 | 40.00 | 43.00 | OK | |
| r-oldrel-macos-x86_64 | 0.1.1 | 9.00 | 77.00 | 86.00 | OK | |
| r-oldrel-windows-x86_64 | 0.1.1 | 13.00 | 104.00 | 117.00 | ERROR | 
Version: 0.1.1
Check: package dependencies
Result: ERROR
  Package required but not available: ‘ggtree’
  
  See section ‘The DESCRIPTION file’ in the ‘Writing R Extensions’
  manual.
Flavor: r-release-linux-x86_64
Version: 0.1.1
Check: re-building of vignette outputs
Result: ERROR
  Error(s) in re-building vignettes:
  --- re-building 'use-mycolors.Rmd' using rmarkdown
  
  Quitting from use-mycolors.Rmd:77-80 [unnamed-chunk-3]
  ~~~~~~~~~~~~~~~~~~~~~~~~~~~~~~~~~~~~~~~~~~~~~~~~~~~~~~~~~~~~~~~~~~~~~~~~~~~~~~~~
  NULL
  ~~~~~~~~~~~~~~~~~~~~~~~~~~~~~~~~~~~~~~~~~~~~~~~~~~~~~~~~~~~~~~~~~~~~~~~~~~~~~~~~
  
  Error: processing vignette 'use-mycolors.Rmd' failed with diagnostics:
  Problem while converting geom to grob.
  ℹ Error occurred in the 4th layer.
  Caused by error in `is.waive()`:
  ! could not find function "is.waive"
  --- failed re-building 'use-mycolors.Rmd'
  
  SUMMARY: processing the following file failed:
    'use-mycolors.Rmd'
  
  Error: Vignette re-building failed.
  Execution halted
Flavor: r-oldrel-windows-x86_64